{"id":65795,"date":"2023-10-06T15:51:19","date_gmt":"2023-10-06T13:51:19","guid":{"rendered":"https:\/\/www.ambifuego.net\/xtempx\/?post_type=product&#038;p=65795"},"modified":"2025-06-13T14:39:45","modified_gmt":"2025-06-13T12:39:45","slug":"chimenea-electrica-pequena-empotrar","status":"publish","type":"product","link":"https:\/\/www.ambifuego.net\/es\/producto\/chimenea-electrica-pequena-empotrar\/","title":{"rendered":"E 700GF"},"content":{"rendered":"<h3 class=\"mceTemp\"><span style=\"font-family: verdana, geneva, sans-serif; font-size: 14pt; text-align: justify;\">Chimeneas el\u00e9ctricas peque\u00f1as empotrar \u00f3 insertar en chimenea existente<\/span><\/h3>\n<p style=\"text-align: justify;\"><span style=\"font-family: verdana, geneva, sans-serif;\">\u00bfChimeneas el\u00e9ctricas peque\u00f1as empotrar \u00f3 insertar? Por consiguiente, las chimeneas y estufas el\u00e9ctricas han venido para quedarse. Hoy en d\u00eda, cada vez hay m\u00e1s demanda de chimeneas y estufas de simulaci\u00f3n de fuego mediante luz, ya que constituyen un elemento decorativo sin igual: diferenciador, acogedor y casi magn\u00e9tico.\u00a0<\/span><\/p>\n<p style=\"text-align: justify;\"><span style=\"font-family: verdana, geneva, sans-serif;\">Por consiguiente las <a href=\"https:\/\/www.ambifuego.net\/articulos\/chimeneas-electricas-decorativas-modernas-calefactor\/\" target=\"_blank\" rel=\"noopener\">chimeneas el\u00e9ctricas<\/a> est\u00e1n en auge, porque en la mayor\u00eda de hogares ya no es necesario el aporte de calor de una chimenea convencional. Por supuesto se busca un efecto decorativo, que sea sencillo de utilizar adem\u00e1s de no tener que preocuparse ni de almacenamiento del combustible ni del mantenimiento.\u00a0 Igualmente l<\/span><span style=\"font-family: verdana, geneva, sans-serif;\">as estufas y chimeneas el\u00e9ctricas llevan en su interior luces Led y un mecanismo que con su movimientos crea el efecto de las llamas del fuego y son por lo tanto mecanismos de bajo consumo.<\/span><\/p>\n<p style=\"text-align: justify;\"><span style=\"font-family: verdana, geneva, sans-serif;\">Su efecto de llama es muy bello ya que viene equipado con la t\u00e9cnica efecto<strong> evoflame\u00ae<\/strong> la cual produce<\/span><span style=\"font-family: verdana, geneva, sans-serif;\"> la impresi\u00f3n de una imagen de llama rica y profunda con un lecho de combustible y con un efecto de ceniza caliente a trav\u00e9s de su reflectividad \u00fanica.<\/span><\/p>\n<p style=\"text-align: justify;\"><span style=\"font-family: verdana, geneva, sans-serif;\">La decoraci\u00f3n interior sobre el lecho de la chimenea consta de le\u00f1os cer\u00e1micos de gran calidad y trocitos de cer\u00e1mica imitando brasas.\u00a0<\/span><\/p>\n<p style=\"text-align: justify;\"><span style=\"font-family: verdana, geneva, sans-serif;\">El efecto de simulaci\u00f3n del fuego no ha parado de evolucionar, le presentamos el modelo E700GF del reconocido fabricante europeo <strong>EVONIC FIRES<\/strong>. Este modelo tiene una dimensiones moderadas que encajan, la mayor\u00eda de las veces, en chimeneas existentes o de obra nueva. Existe adem\u00e1s tiene la opci\u00f3n de adquirir un marco extra para el cerramiento en blanco \u00f3 negro.\u00a0<\/span><\/p>\n<h2><span style=\"font-family: verdana, geneva, sans-serif; font-size: 14pt;\">Chimeneas el\u00e9ctricas para empotrar de \u00faltima generaci\u00f3n<\/span><\/h2>\n<p style=\"text-align: justify;\"><span style=\"font-family: verdana, geneva, sans-serif;\">Este insertables del fabricante <a href=\"https:\/\/evonicfires.co.uk\/the-range\/inset-fires\/\" target=\"_blank\" rel=\"noopener\">Evonic Fires<\/a> es un modelos el\u00e9ctricos de bajo consumo , con un sistema funcionamiento de ultima generaci\u00f3n, EvoFlame. Efecto de fuego de gran realismo. <\/span><span style=\"font-family: verdana, geneva, sans-serif;\">Chimeneas totalmente acristaladas, con gran visi\u00f3n del fuego, troncos decorativos incorporados de gran realismo, funcionamiento gracias a luces Led, y gesti\u00f3n mediante\u00a0App del fabricante.\u00a0<\/span><\/p>\n<p style=\"text-align: justify;\"><span style=\"font-family: verdana, geneva, sans-serif;\">La imagen de la llama que se produce con LED puede proporcionar hasta 50,000 horas de tiempo de funcionamiento.\u00a0Es completamente ajustable a trav\u00e9s de los ajustes alto y bajo cuando se usa el control remoto opcional.<\/span><\/p>\n<p><span style=\"font-family: verdana, geneva, sans-serif;\"><b>EVONIC E700 GF <\/b><\/span><b>Cristal frontal<\/b><\/p>\n<ul>\n<li><span style=\"font-family: verdana, geneva, sans-serif;\">Chimeneas el\u00e9ctricas peque\u00f1as empotrar o insertar.<\/span><\/li>\n<li><span style=\"font-family: verdana, geneva, sans-serif;\">Modelo frontal con marco opcional extra<\/span><\/li>\n<li><span style=\"font-family: verdana, geneva, sans-serif;\">Salidas de calor de 750-1500 W<\/span><\/li>\n<li><span style=\"font-family: verdana, geneva, sans-serif;\">Sistema de control\u00a0mediante App del fabricante<\/span><\/li>\n<li><span style=\"font-family: verdana, geneva, sans-serif;\">Opcional funci\u00f3n iluminaci\u00f3n multicolor<\/span><\/li>\n<li><span style=\"font-family: verdana, geneva, sans-serif;\">A elegir entre troncos decorativos tono abedul plateado o troncos cer\u00e1micos de madera<\/span><\/li>\n<li><span style=\"font-family: verdana, geneva, sans-serif;\">Medidas totales;\u00a0 \u00a0 \u00a0 \u00a0 \u00a0 \u00a0 An. 735 &#8211; Alt. 523 &#8211; Fond. 180 mm<\/span><\/li>\n<li><span style=\"font-family: verdana, geneva, sans-serif;\">Medidas para encastrar; An. 640 &#8211; Alt. 490 &#8211; Fond. 180 mm<\/span><\/li>\n<\/ul>\n<figure id=\"attachment_74649\" aria-describedby=\"caption-attachment-74649\" style=\"width: 350px\" class=\"wp-caption alignnone\"><a href=\"https:\/\/www.ambifuego.net\/es\/?attachment_id=74649\" target=\"_blank\" rel=\"noopener\"><img fetchpriority=\"high\" decoding=\"async\" class=\"wp-image-74649\" src=\"https:\/\/www.ambifuego.net\/wp-content\/uploads\/2023\/10\/e-700-gf-evonic-medidas_11zon.jpg\" alt=\"chimenea el\u00e9ctrica insertar empotrar 700\" width=\"350\" height=\"309\" srcset=\"https:\/\/www.ambifuego.net\/wp-content\/uploads\/2023\/10\/e-700-gf-evonic-medidas_11zon.jpg 858w, https:\/\/www.ambifuego.net\/wp-content\/uploads\/2023\/10\/e-700-gf-evonic-medidas_11zon-768x678.jpg 768w, https:\/\/www.ambifuego.net\/wp-content\/uploads\/2023\/10\/e-700-gf-evonic-medidas_11zon-800x706.jpg 800w\" sizes=\"(max-width: 350px) 100vw, 350px\" \/><\/a><figcaption id=\"caption-attachment-74649\" class=\"wp-caption-text\">chimenea el\u00e9ctrica insertar empotrar 700<\/figcaption><\/figure>\n<p>&nbsp;<\/p>\n<p>&nbsp;<\/p>\n<p>&nbsp;<\/p>\n<div class=\"product-spec\">\n<p>&nbsp;<\/p>\n<\/div>\n<p>&nbsp;<\/p>\n","protected":false},"excerpt":{"rendered":"[caption id=\"attachment_65800\" align=\"alignnone\" width=\"567\"]<img decoding=\"async\" class=\"wp-image-65800 size-full\" src=\"https:\/\/www.ambifuego.net\/wp-content\/uploads\/2023\/10\/e700gf2_optimized.jpg\" alt=\"chimeneas electricas peque\u00f1as empotrar o insertar e700gf\" width=\"567\" height=\"275\" srcset=\"https:\/\/www.ambifuego.net\/wp-content\/uploads\/2023\/10\/e700gf2_optimized.jpg 567w, https:\/\/www.ambifuego.net\/wp-content\/uploads\/2023\/10\/e700gf2_optimized-480x233.jpg 480w\" sizes=\"(max-width: 567px) 100vw, 567px\" \/> chimenea electrica peque\u00f1a empotrar e700gf en chimenea existente[\/caption]\n","protected":false},"featured_media":74640,"template":"","meta":[],"product_brand":[],"product_cat":[261],"product_tag":[],"class_list":{"0":"post-65795","1":"product","2":"type-product","3":"status-publish","4":"has-post-thumbnail","6":"product_cat-chimeneas-electricas-empotrar-insertar","8":"first","9":"instock","10":"shipping-taxable","11":"product-type-simple"},"_links":{"self":[{"href":"https:\/\/www.ambifuego.net\/es\/wp-json\/wp\/v2\/product\/65795","targetHints":{"allow":["GET"]}}],"collection":[{"href":"https:\/\/www.ambifuego.net\/es\/wp-json\/wp\/v2\/product"}],"about":[{"href":"https:\/\/www.ambifuego.net\/es\/wp-json\/wp\/v2\/types\/product"}],"version-history":[{"count":0,"href":"https:\/\/www.ambifuego.net\/es\/wp-json\/wp\/v2\/product\/65795\/revisions"}],"wp:featuredmedia":[{"embeddable":true,"href":"https:\/\/www.ambifuego.net\/es\/wp-json\/wp\/v2\/media\/74640"}],"wp:attachment":[{"href":"https:\/\/www.ambifuego.net\/es\/wp-json\/wp\/v2\/media?parent=65795"}],"wp:term":[{"taxonomy":"product_brand","embeddable":true,"href":"https:\/\/www.ambifuego.net\/es\/wp-json\/wp\/v2\/product_brand?post=65795"},{"taxonomy":"product_cat","embeddable":true,"href":"https:\/\/www.ambifuego.net\/es\/wp-json\/wp\/v2\/product_cat?post=65795"},{"taxonomy":"product_tag","embeddable":true,"href":"https:\/\/www.ambifuego.net\/es\/wp-json\/wp\/v2\/product_tag?post=65795"}],"curies":[{"name":"wp","href":"https:\/\/api.w.org\/{rel}","templated":true}]}}

<h3 class="mceTemp"><span style="font-family: verdana, geneva, sans-serif; font-size: 14pt; text-align: justify;">Chimeneas eléctricas pequeñas empotrar ó insertar en chimenea existente</span></h3>
<p style="text-align: justify;"><span style="font-family: verdana, geneva, sans-serif;">¿Chimeneas eléctricas pequeñas empotrar ó insertar? Por consiguiente, las chimeneas y estufas eléctricas han venido para quedarse. Hoy en día, cada vez hay más demanda de chimeneas y estufas de simulación de fuego mediante luz, ya que constituyen un elemento decorativo sin igual: diferenciador, acogedor y casi magnético. </span></p>
<p style="text-align: justify;"><span style="font-family: verdana, geneva, sans-serif;">Por consiguiente las <a href="https://www.ambifuego.net/articulos/chimeneas-electricas-decorativas-modernas-calefactor/" target="_blank" rel="noopener">chimeneas eléctricas</a> están en auge, porque en la mayoría de hogares ya no es necesario el aporte de calor de una chimenea convencional. Por supuesto se busca un efecto decorativo, que sea sencillo de utilizar además de no tener que preocuparse ni de almacenamiento del combustible ni del mantenimiento.  Igualmente l</span><span style="font-family: verdana, geneva, sans-serif;">as estufas y chimeneas eléctricas llevan en su interior luces Led y un mecanismo que con su movimientos crea el efecto de las llamas del fuego y son por lo tanto mecanismos de bajo consumo.</span></p>
<p style="text-align: justify;"><span style="font-family: verdana, geneva, sans-serif;">Su efecto de llama es muy bello ya que viene equipado con la técnica efecto<strong> evoflame®</strong> la cual produce</span><span style="font-family: verdana, geneva, sans-serif;"> la impresión de una imagen de llama rica y profunda con un lecho de combustible y con un efecto de ceniza caliente a través de su reflectividad única.</span></p>
<p style="text-align: justify;"><span style="font-family: verdana, geneva, sans-serif;">La decoración interior sobre el lecho de la chimenea consta de leños cerámicos de gran calidad y trocitos de cerámica imitando brasas. </span></p>
<p style="text-align: justify;"><span style="font-family: verdana, geneva, sans-serif;">El efecto de simulación del fuego no ha parado de evolucionar, le presentamos el modelo E700GF del reconocido fabricante europeo <strong>EVONIC FIRES</strong>. Este modelo tiene una dimensiones moderadas que encajan, la mayoría de las veces, en chimeneas existentes o de obra nueva. Existe además tiene la opción de adquirir un marco extra para el cerramiento en blanco ó negro. </span></p>
<h2><span style="font-family: verdana, geneva, sans-serif; font-size: 14pt;">Chimeneas eléctricas para empotrar de última generación</span></h2>
<p style="text-align: justify;"><span style="font-family: verdana, geneva, sans-serif;">Este insertables del fabricante <a href="https://evonicfires.co.uk/the-range/inset-fires/" target="_blank" rel="noopener">Evonic Fires</a> es un modelos eléctricos de bajo consumo , con un sistema funcionamiento de ultima generación, EvoFlame. Efecto de fuego de gran realismo. </span><span style="font-family: verdana, geneva, sans-serif;">Chimeneas totalmente acristaladas, con gran visión del fuego, troncos decorativos incorporados de gran realismo, funcionamiento gracias a luces Led, y gestión mediante App del fabricante. </span></p>
<p style="text-align: justify;"><span style="font-family: verdana, geneva, sans-serif;">La imagen de la llama que se produce con LED puede proporcionar hasta 50,000 horas de tiempo de funcionamiento. Es completamente ajustable a través de los ajustes alto y bajo cuando se usa el control remoto opcional.</span></p>
<p><span style="font-family: verdana, geneva, sans-serif;"><b>EVONIC E700 GF </b></span><b>Cristal frontal</b></p>
<ul>
<li><span style="font-family: verdana, geneva, sans-serif;">Chimeneas eléctricas pequeñas empotrar o insertar.</span></li>
<li><span style="font-family: verdana, geneva, sans-serif;">Modelo frontal con marco opcional extra</span></li>
<li><span style="font-family: verdana, geneva, sans-serif;">Salidas de calor de 750-1500 W</span></li>
<li><span style="font-family: verdana, geneva, sans-serif;">Sistema de control mediante App del fabricante</span></li>
<li><span style="font-family: verdana, geneva, sans-serif;">Opcional función iluminación multicolor</span></li>
<li><span style="font-family: verdana, geneva, sans-serif;">A elegir entre troncos decorativos tono abedul plateado o troncos cerámicos de madera</span></li>
<li><span style="font-family: verdana, geneva, sans-serif;">Medidas totales;            An. 735 &#8211; Alt. 523 &#8211; Fond. 180 mm</span></li>
<li><span style="font-family: verdana, geneva, sans-serif;">Medidas para encastrar; An. 640 &#8211; Alt. 490 &#8211; Fond. 180 mm</span></li>
</ul>
<figure id="attachment_74649" aria-describedby="caption-attachment-74649" style="width: 350px" class="wp-caption alignnone"><a href="https://www.ambifuego.net/es/?attachment_id=74649" target="_blank" rel="noopener"><img fetchpriority="high" decoding="async" class="wp-image-74649" src="https://www.ambifuego.net/wp-content/uploads/2023/10/e-700-gf-evonic-medidas_11zon.jpg" alt="chimenea eléctrica insertar empotrar 700" width="350" height="309" srcset="https://www.ambifuego.net/wp-content/uploads/2023/10/e-700-gf-evonic-medidas_11zon.jpg 858w, https://www.ambifuego.net/wp-content/uploads/2023/10/e-700-gf-evonic-medidas_11zon-768x678.jpg 768w, https://www.ambifuego.net/wp-content/uploads/2023/10/e-700-gf-evonic-medidas_11zon-800x706.jpg 800w" sizes="(max-width: 350px) 100vw, 350px" /></a><figcaption id="caption-attachment-74649" class="wp-caption-text">chimenea eléctrica insertar empotrar 700</figcaption></figure>
<p>&nbsp;</p>
<p>&nbsp;</p>
<p>&nbsp;</p>
<div class="product-spec">
<p>&nbsp;</p>
</div>
<p>&nbsp;</p>

[caption id="attachment_65800" align="alignnone" width="567"]<img decoding="async" class="wp-image-65800 size-full" src="https://www.ambifuego.net/wp-content/uploads/2023/10/e700gf2_optimized.jpg" alt="chimeneas electricas pequeñas empotrar o insertar e700gf" width="567" height="275" srcset="https://www.ambifuego.net/wp-content/uploads/2023/10/e700gf2_optimized.jpg 567w, https://www.ambifuego.net/wp-content/uploads/2023/10/e700gf2_optimized-480x233.jpg 480w" sizes="(max-width: 567px) 100vw, 567px" /> chimenea electrica pequeña empotrar e700gf en chimenea existente[/caption]
