{"id":65659,"date":"2023-10-03T12:24:38","date_gmt":"2023-10-03T10:24:38","guid":{"rendered":"https:\/\/www.ambifuego.net\/xtempx\/producto\/plancha-y-paellero\/"},"modified":"2026-03-03T13:36:16","modified_gmt":"2026-03-03T12:36:16","slug":"plancha-de-gas-paellero","status":"publish","type":"product","link":"https:\/\/www.ambifuego.net\/es\/producto\/plancha-de-gas-paellero\/","title":{"rendered":"PLANCHA Y PAELLERO"},"content":{"rendered":"<p style=\"text-align: justify;\"><span style=\"font-family: verdana, geneva, sans-serif;\">Plancha de acero inoxidable y paellero. 2 Tama\u00f1os<\/span><\/p>\n<p style=\"text-align: justify;\"><span style=\"font-family: verdana, geneva, sans-serif;\">Plancha y quemador de gas paellero. Sistema innovativo para asados en la plancha de fundici\u00f3n de acero inoxidable y quemador para una gran sart\u00e9n paellera, es decir 2 opciones en 1.<\/span><\/p>\n<p style=\"text-align: justify;\"><span style=\"font-family: verdana, geneva, sans-serif;\"><span class=\"Y2IQFc\" lang=\"es\" style=\"font-family: verdana, geneva, sans-serif;\">\u00bfPara qu\u00e9 sirven las planchas? Ya sea para un espacio peque\u00f1o, una cocina bien equipada o un fin de semana en la monta\u00f1a, la plancha es adecuada puede satisfacer sus necesidades culinarias. Las planchas son ideales para preparar comidas sanas y deliciosas. Para cualquier cocina al aire libre, esta plancha es ideal. Puede igualmente cocinar con una sart\u00e9n o paellero, simplemente levantando la plancha con un simple movimiento hacia la derecha convirti\u00e9ndola en una mesa de apoyo lateral y as\u00ed utilizar el paellero.\u00a0 <\/span><\/span><span style=\"font-family: verdana, geneva, sans-serif;\"><span class=\"Y2IQFc\" lang=\"es\" style=\"font-family: verdana, geneva, sans-serif;\">Su funcionamiento es muy sencillo y esta fabricada con materiales de calidad, acero al carbono de hasta 5 mm. <\/span><\/span><\/p>\n<p style=\"text-align: justify;\"><span style=\"font-family: verdana, geneva, sans-serif;\"><span class=\"Y2IQFc\" lang=\"es\" style=\"font-family: verdana, geneva, sans-serif;\">Disfruta cocinando con el quemador de barbacoa Gas Plancha <\/span><\/span><\/p>\n<ul>\n<li style=\"text-align: justify;\"><span style=\"font-family: verdana, geneva, sans-serif;\"><span class=\"Y2IQFc\" lang=\"es\" style=\"font-family: verdana, geneva, sans-serif;\">Plancha de Gas<\/span><\/span><\/li>\n<li style=\"text-align: justify;\"><span style=\"font-family: verdana, geneva, sans-serif;\"><span class=\"Y2IQFc\" lang=\"es\" style=\"font-family: verdana, geneva, sans-serif;\"> Quemador de Paella<\/span><\/span><\/li>\n<li style=\"text-align: justify;\"><span style=\"font-family: verdana, geneva, sans-serif;\"><span class=\"Y2IQFc\" lang=\"es\" style=\"font-family: verdana, geneva, sans-serif;\">Modelo \u2013 60 x 43 cm Fabricado en acero al carbono hasta 5 mm. <\/span><\/span><\/li>\n<li style=\"text-align: justify;\"><span style=\"font-family: verdana, geneva, sans-serif;\"><span class=\"Y2IQFc\" lang=\"es\" style=\"font-family: verdana, geneva, sans-serif;\">Placa met\u00e1lica de 58 x 43 cm. <\/span><\/span><\/li>\n<li style=\"text-align: justify;\"><span style=\"font-family: verdana, geneva, sans-serif;\"><span class=\"Y2IQFc\" lang=\"es\" style=\"font-family: verdana, geneva, sans-serif;\">Quemador de gas butano\/propano con 2 fuegos \u00f8 35 cm <\/span><\/span><\/li>\n<li style=\"text-align: justify;\"><span style=\"font-family: verdana, geneva, sans-serif;\"><span class=\"Y2IQFc\" lang=\"es\" style=\"font-family: verdana, geneva, sans-serif;\">Sistema de nivelaci\u00f3n <\/span><\/span><\/li>\n<li style=\"text-align: justify;\"><span style=\"font-family: verdana, geneva, sans-serif;\"><span class=\"Y2IQFc\" lang=\"es\" style=\"font-family: verdana, geneva, sans-serif;\">Placa de acero con 3 posiciones y extra\u00edble. <\/span><\/span><\/li>\n<li style=\"text-align: justify;\"><span style=\"font-family: verdana, geneva, sans-serif;\"><span class=\"Y2IQFc\" lang=\"es\" style=\"font-family: verdana, geneva, sans-serif;\">Incluye patas de apoyo con ruedas. I<\/span><\/span><\/li>\n<li style=\"text-align: justify;\"><span style=\"font-family: verdana, geneva, sans-serif;\"><span class=\"Y2IQFc\" lang=\"es\" style=\"font-family: verdana, geneva, sans-serif;\">Incluye soporte de hierro, para usar como bandeja lateral. <\/span><\/span><\/li>\n<li style=\"text-align: justify;\"><span style=\"font-family: verdana, geneva, sans-serif;\"><span class=\"Y2IQFc\" lang=\"es\" style=\"font-family: verdana, geneva, sans-serif;\">Medidas exteriores del planificador: 65 x 50 x 23 cm (ancho x fondo x alto) <\/span><\/span><\/li>\n<li style=\"text-align: justify;\"><span style=\"font-family: verdana, geneva, sans-serif;\"><span class=\"Y2IQFc\" lang=\"es\" style=\"font-family: verdana, geneva, sans-serif;\">Medidas exteriores con soporte: 65 x 50 x 90 \u00f7 95 cm (ancho x fondo x alto) <\/span><\/span><\/li>\n<li style=\"text-align: justify;\"><span style=\"font-family: verdana, geneva, sans-serif;\"><span class=\"Y2IQFc\" lang=\"es\" style=\"font-family: verdana, geneva, sans-serif;\">Paellera capacidad m\u00e1xima \u00f8 55 cm Peso: 27kg &#8211; <\/span><\/span><\/li>\n<li style=\"text-align: justify;\"><span style=\"font-family: verdana, geneva, sans-serif;\"><span class=\"Y2IQFc\" lang=\"es\" style=\"font-family: verdana, geneva, sans-serif;\">Quemador Paella Modelo 60 x 60 Fabricado en Acero al Carbono hasta 5 mm.\u00a0<\/span><\/span><\/li>\n<li style=\"text-align: justify;\"><span style=\"font-family: verdana, geneva, sans-serif;\"><span class=\"Y2IQFc\" lang=\"es\" style=\"font-family: verdana, geneva, sans-serif;\">Placa met\u00e1lica de 58 x 58 cm. -Quemador de gas butano\/propano de 2 fuegos de 40 cm. di\u00e1metro. <\/span><\/span><\/li>\n<li style=\"text-align: justify;\"><span style=\"font-family: verdana, geneva, sans-serif;\"><span class=\"Y2IQFc\" lang=\"es\" style=\"font-family: verdana, geneva, sans-serif;\">Sistema de nivelaci\u00f3n. <\/span><\/span><\/li>\n<li style=\"text-align: justify;\"><span style=\"font-family: verdana, geneva, sans-serif;\"><span class=\"Y2IQFc\" lang=\"es\" style=\"font-family: verdana, geneva, sans-serif;\">Placa de acero con 3 posiciones y extra\u00edble. <\/span><\/span><\/li>\n<li style=\"text-align: justify;\"><span style=\"font-family: verdana, geneva, sans-serif;\"><span class=\"Y2IQFc\" lang=\"es\" style=\"font-family: verdana, geneva, sans-serif;\">2 patas delanteras y 2 ruedas traseras resistentes. <\/span><\/span><\/li>\n<li style=\"text-align: justify;\"><span style=\"font-family: verdana, geneva, sans-serif;\"><span class=\"Y2IQFc\" lang=\"es\" style=\"font-family: verdana, geneva, sans-serif;\">La placa de cocci\u00f3n se convierte en una mesa de apoyo lateral gir\u00e1ndola hacia la derecha. <\/span><\/span><\/li>\n<li style=\"text-align: justify;\"><span style=\"font-family: verdana, geneva, sans-serif;\"><span class=\"Y2IQFc\" lang=\"es\" style=\"font-family: verdana, geneva, sans-serif;\">Medidas exteriores: Ancho 65 x Fondo 65 x Alto 23 cm. <\/span><\/span><\/li>\n<li style=\"text-align: justify;\"><span style=\"font-family: verdana, geneva, sans-serif;\"><span class=\"Y2IQFc\" lang=\"es\" style=\"font-family: verdana, geneva, sans-serif;\">Medidas exteriores con patas: Ancho 65 x Fondo 65 x Alto 90-95 cm. <\/span><\/span><\/li>\n<li style=\"text-align: justify;\"><span style=\"font-family: verdana, geneva, sans-serif;\"><span class=\"Y2IQFc\" lang=\"es\" style=\"font-family: verdana, geneva, sans-serif;\">Capacidad m\u00e1xima de paellera: 65 cm. di\u00e1metro. Peso: 32 kilogramos<\/span>.\u00a0<\/span><\/li>\n<\/ul>\n","protected":false},"excerpt":{"rendered":"<p><img fetchpriority=\"high\" decoding=\"async\" class=\"alignnone size-full wp-image-52857\" src=\"https:\/\/www.ambifuego.net\/wp-content\/uploads\/2017\/09\/paellero1.jpg\" alt=\"\" width=\"380\" height=\"457\" srcset=\"https:\/\/www.ambifuego.net\/wp-content\/uploads\/2017\/09\/paellero1.jpg 380w, https:\/\/www.ambifuego.net\/wp-content\/uploads\/2017\/09\/paellero1-225x270.jpg 225w, https:\/\/www.ambifuego.net\/wp-content\/uploads\/2017\/09\/paellero1-365x439.jpg 365w\" sizes=\"(max-width: 380px) 100vw, 380px\" \/><\/p>\n","protected":false},"featured_media":52865,"template":"","meta":[],"product_brand":[],"product_cat":[288],"product_tag":[],"class_list":{"0":"post-65659","1":"product","2":"type-product","3":"status-publish","4":"has-post-thumbnail","6":"product_cat-accesorios-para-cocinar-barbacoas","8":"first","9":"instock","10":"shipping-taxable","11":"product-type-simple"},"_links":{"self":[{"href":"https:\/\/www.ambifuego.net\/es\/wp-json\/wp\/v2\/product\/65659","targetHints":{"allow":["GET"]}}],"collection":[{"href":"https:\/\/www.ambifuego.net\/es\/wp-json\/wp\/v2\/product"}],"about":[{"href":"https:\/\/www.ambifuego.net\/es\/wp-json\/wp\/v2\/types\/product"}],"version-history":[{"count":1,"href":"https:\/\/www.ambifuego.net\/es\/wp-json\/wp\/v2\/product\/65659\/revisions"}],"predecessor-version":[{"id":83486,"href":"https:\/\/www.ambifuego.net\/es\/wp-json\/wp\/v2\/product\/65659\/revisions\/83486"}],"wp:featuredmedia":[{"embeddable":true,"href":"https:\/\/www.ambifuego.net\/es\/wp-json\/wp\/v2\/media\/52865"}],"wp:attachment":[{"href":"https:\/\/www.ambifuego.net\/es\/wp-json\/wp\/v2\/media?parent=65659"}],"wp:term":[{"taxonomy":"product_brand","embeddable":true,"href":"https:\/\/www.ambifuego.net\/es\/wp-json\/wp\/v2\/product_brand?post=65659"},{"taxonomy":"product_cat","embeddable":true,"href":"https:\/\/www.ambifuego.net\/es\/wp-json\/wp\/v2\/product_cat?post=65659"},{"taxonomy":"product_tag","embeddable":true,"href":"https:\/\/www.ambifuego.net\/es\/wp-json\/wp\/v2\/product_tag?post=65659"}],"curies":[{"name":"wp","href":"https:\/\/api.w.org\/{rel}","templated":true}]}}

<p style="text-align: justify;"><span style="font-family: verdana, geneva, sans-serif;">Plancha de acero inoxidable y paellero. 2 Tamaños</span></p>
<p style="text-align: justify;"><span style="font-family: verdana, geneva, sans-serif;">Plancha y quemador de gas paellero. Sistema innovativo para asados en la plancha de fundición de acero inoxidable y quemador para una gran sartén paellera, es decir 2 opciones en 1.</span></p>
<p style="text-align: justify;"><span style="font-family: verdana, geneva, sans-serif;"><span class="Y2IQFc" lang="es" style="font-family: verdana, geneva, sans-serif;">¿Para qué sirven las planchas? Ya sea para un espacio pequeño, una cocina bien equipada o un fin de semana en la montaña, la plancha es adecuada puede satisfacer sus necesidades culinarias. Las planchas son ideales para preparar comidas sanas y deliciosas. Para cualquier cocina al aire libre, esta plancha es ideal. Puede igualmente cocinar con una sartén o paellero, simplemente levantando la plancha con un simple movimiento hacia la derecha convirtiéndola en una mesa de apoyo lateral y así utilizar el paellero.  </span></span><span style="font-family: verdana, geneva, sans-serif;"><span class="Y2IQFc" lang="es" style="font-family: verdana, geneva, sans-serif;">Su funcionamiento es muy sencillo y esta fabricada con materiales de calidad, acero al carbono de hasta 5 mm. </span></span></p>
<p style="text-align: justify;"><span style="font-family: verdana, geneva, sans-serif;"><span class="Y2IQFc" lang="es" style="font-family: verdana, geneva, sans-serif;">Disfruta cocinando con el quemador de barbacoa Gas Plancha </span></span></p>
<ul>
<li style="text-align: justify;"><span style="font-family: verdana, geneva, sans-serif;"><span class="Y2IQFc" lang="es" style="font-family: verdana, geneva, sans-serif;">Plancha de Gas</span></span></li>
<li style="text-align: justify;"><span style="font-family: verdana, geneva, sans-serif;"><span class="Y2IQFc" lang="es" style="font-family: verdana, geneva, sans-serif;"> Quemador de Paella</span></span></li>
<li style="text-align: justify;"><span style="font-family: verdana, geneva, sans-serif;"><span class="Y2IQFc" lang="es" style="font-family: verdana, geneva, sans-serif;">Modelo – 60 x 43 cm Fabricado en acero al carbono hasta 5 mm. </span></span></li>
<li style="text-align: justify;"><span style="font-family: verdana, geneva, sans-serif;"><span class="Y2IQFc" lang="es" style="font-family: verdana, geneva, sans-serif;">Placa metálica de 58 x 43 cm. </span></span></li>
<li style="text-align: justify;"><span style="font-family: verdana, geneva, sans-serif;"><span class="Y2IQFc" lang="es" style="font-family: verdana, geneva, sans-serif;">Quemador de gas butano/propano con 2 fuegos ø 35 cm </span></span></li>
<li style="text-align: justify;"><span style="font-family: verdana, geneva, sans-serif;"><span class="Y2IQFc" lang="es" style="font-family: verdana, geneva, sans-serif;">Sistema de nivelación </span></span></li>
<li style="text-align: justify;"><span style="font-family: verdana, geneva, sans-serif;"><span class="Y2IQFc" lang="es" style="font-family: verdana, geneva, sans-serif;">Placa de acero con 3 posiciones y extraíble. </span></span></li>
<li style="text-align: justify;"><span style="font-family: verdana, geneva, sans-serif;"><span class="Y2IQFc" lang="es" style="font-family: verdana, geneva, sans-serif;">Incluye patas de apoyo con ruedas. I</span></span></li>
<li style="text-align: justify;"><span style="font-family: verdana, geneva, sans-serif;"><span class="Y2IQFc" lang="es" style="font-family: verdana, geneva, sans-serif;">Incluye soporte de hierro, para usar como bandeja lateral. </span></span></li>
<li style="text-align: justify;"><span style="font-family: verdana, geneva, sans-serif;"><span class="Y2IQFc" lang="es" style="font-family: verdana, geneva, sans-serif;">Medidas exteriores del planificador: 65 x 50 x 23 cm (ancho x fondo x alto) </span></span></li>
<li style="text-align: justify;"><span style="font-family: verdana, geneva, sans-serif;"><span class="Y2IQFc" lang="es" style="font-family: verdana, geneva, sans-serif;">Medidas exteriores con soporte: 65 x 50 x 90 ÷ 95 cm (ancho x fondo x alto) </span></span></li>
<li style="text-align: justify;"><span style="font-family: verdana, geneva, sans-serif;"><span class="Y2IQFc" lang="es" style="font-family: verdana, geneva, sans-serif;">Paellera capacidad máxima ø 55 cm Peso: 27kg &#8211; </span></span></li>
<li style="text-align: justify;"><span style="font-family: verdana, geneva, sans-serif;"><span class="Y2IQFc" lang="es" style="font-family: verdana, geneva, sans-serif;">Quemador Paella Modelo 60 x 60 Fabricado en Acero al Carbono hasta 5 mm. </span></span></li>
<li style="text-align: justify;"><span style="font-family: verdana, geneva, sans-serif;"><span class="Y2IQFc" lang="es" style="font-family: verdana, geneva, sans-serif;">Placa metálica de 58 x 58 cm. -Quemador de gas butano/propano de 2 fuegos de 40 cm. diámetro. </span></span></li>
<li style="text-align: justify;"><span style="font-family: verdana, geneva, sans-serif;"><span class="Y2IQFc" lang="es" style="font-family: verdana, geneva, sans-serif;">Sistema de nivelación. </span></span></li>
<li style="text-align: justify;"><span style="font-family: verdana, geneva, sans-serif;"><span class="Y2IQFc" lang="es" style="font-family: verdana, geneva, sans-serif;">Placa de acero con 3 posiciones y extraíble. </span></span></li>
<li style="text-align: justify;"><span style="font-family: verdana, geneva, sans-serif;"><span class="Y2IQFc" lang="es" style="font-family: verdana, geneva, sans-serif;">2 patas delanteras y 2 ruedas traseras resistentes. </span></span></li>
<li style="text-align: justify;"><span style="font-family: verdana, geneva, sans-serif;"><span class="Y2IQFc" lang="es" style="font-family: verdana, geneva, sans-serif;">La placa de cocción se convierte en una mesa de apoyo lateral girándola hacia la derecha. </span></span></li>
<li style="text-align: justify;"><span style="font-family: verdana, geneva, sans-serif;"><span class="Y2IQFc" lang="es" style="font-family: verdana, geneva, sans-serif;">Medidas exteriores: Ancho 65 x Fondo 65 x Alto 23 cm. </span></span></li>
<li style="text-align: justify;"><span style="font-family: verdana, geneva, sans-serif;"><span class="Y2IQFc" lang="es" style="font-family: verdana, geneva, sans-serif;">Medidas exteriores con patas: Ancho 65 x Fondo 65 x Alto 90-95 cm. </span></span></li>
<li style="text-align: justify;"><span style="font-family: verdana, geneva, sans-serif;"><span class="Y2IQFc" lang="es" style="font-family: verdana, geneva, sans-serif;">Capacidad máxima de paellera: 65 cm. diámetro. Peso: 32 kilogramos</span>. </span></li>
</ul>
