{"id":40023,"date":"2021-05-18T13:30:08","date_gmt":"2021-05-18T13:30:08","guid":{"rendered":"https:\/\/www.ambifuego.net\/xtempx\/?post_type=product&#038;p=40023"},"modified":"2024-02-01T12:12:58","modified_gmt":"2024-02-01T11:12:58","slug":"chimenea-electrica-1800-grande","status":"publish","type":"product","link":"https:\/\/www.ambifuego.net\/es\/producto\/chimenea-electrica-1800-grande\/","title":{"rendered":"VIRTUO"},"content":{"rendered":"<p style=\"text-align: justify;\"><span style=\"font-family: verdana, geneva, sans-serif;\">Chimenea el\u00e9ctrica 1800 grande con efectos tan reales que no podr\u00e1 decir si es real o no.<\/span><\/p>\n<p style=\"text-align: justify;\"><span style=\"font-family: verdana, geneva, sans-serif;\">Gama de chimeneas desde 75, 80, 100, 130 y 180 cm de ancho. Las chimeneas el\u00e9ctricas son aparatos que tienen una doble funci\u00f3n, decorativa y apoyo de calefacci\u00f3n. Si busca una calefacci\u00f3n para climatizar un sal\u00f3n o habitaciones grandes, una chimenea el\u00e9ctrica sola no lo lograr\u00e1, su potencia no es mucha. Si se trata de una estancia peque\u00f1a si puede caldearse, exactamente igual que hace un radiador el\u00e9ctrico. <\/span><span style=\"font-family: verdana, geneva, sans-serif;\">A continuaci\u00f3n, le presentamos<\/span><span style=\"font-family: verdana, geneva, sans-serif;\"> la chimenea el\u00e9ctrica 1800, mm, probablemente una de las m\u00e1s grandes del mercado. <\/span><span style=\"font-family: verdana, geneva, sans-serif;\">De hecho, sus medidas la hacen adecuada para grandes salones, halls de hoteles o restaurantes.<\/span><\/p>\n<p style=\"text-align: justify;\"><span style=\"font-family: verdana, geneva, sans-serif;\">Es un producto de <a href=\"https:\/\/www.drufire.com\/int\/products\/electric-fires\" target=\"_blank\" rel=\"noopener\">fabricaci\u00f3n Europea<\/a> de la m\u00e1s alta calidad. Este fabricante con\u00a0 <strong>productos galardonados<\/strong>\u00a0 y reconocidos dota sus productos con la tecnolog\u00eda m\u00e1s avanzada.<\/span><\/p>\n<h2 style=\"text-align: justify;\"><span style=\"font-size: 12pt; font-family: verdana, geneva, sans-serif;\"><em>Chimenea el\u00e9ctrica 1800 grande, frente, esquina o tres lados<\/em><\/span><\/h2>\n<p style=\"text-align: justify;\"><span style=\"font-family: verdana, geneva, sans-serif;\">Esta chimenea viene con troncos cer\u00e1micos decorativos, brasas y piedras de cristal. Su efecto efecto de llamas es tan realista que tendr\u00e1 que mirar dos veces antes para poder distinguirla de una de le\u00f1a. Por supuesto incluye un calefactor con turbinas que expulsa calor,\u00a0 \u00a0con dos potencias. Claro est\u00e1 es un producto de bajo consumo el\u00e9ctrico ya que el efecto de las llamas, mediante tecnolog\u00eda Hologramas es tambi\u00e9n de bajo consumo el\u00e9ctrico.<\/span><\/p>\n<p style=\"text-align: justify;\"><span style=\"font-family: verdana, geneva, sans-serif;\">De hecho, tiene el total control del aparato con un mando a distancia o una aplicaci\u00f3n telef\u00f3nica. Con el mando a distancia y la App podr\u00e1 controlar el modo de funcionamiento, luminosidad, efectos de colores, etc..<\/span><\/p>\n<p style=\"text-align: justify;\"><span style=\"font-family: verdana, geneva, sans-serif;\"> puede, por lo tanto\u00a0 controlar el funcionamiento de la chimenea. adem\u00e1s de con una aplicaci\u00f3n en el tel\u00e9fono. Por supuesto tiene un termostato incorporado que le permite igualmente\u00a0 regular y mantener la temperatura\u00a0 seleccionada con facilidad.<\/span><\/p>\n<p style=\"text-align: justify;\"><span style=\"font-family: verdana, geneva, sans-serif;\">Asimismo, la decoraci\u00f3n del hogar de las chimeneas vienen con cristales, brasas y le\u00f1os cer\u00e1micos<strong>.\u00a0<\/strong>Adem\u00e1s en la base del fuego tambi\u00e9n hay efectos de brasas, mediante bombillas leds.<\/span><\/p>\n<p style=\"text-align: justify;\"><span style=\"font-family: verdana, geneva, sans-serif;\">Estas chimeneas se empotran en un hueco y est\u00e1n<\/span><span style=\"font-family: verdana, geneva, sans-serif;\"> disponibles en varias versiones; de frente, de esquina derecha o izquierda\u00a0 o tambi\u00e9n a 3 caras adem\u00e1s de varios tama\u00f1os.<\/span><\/p>\n<ul>\n<li style=\"text-align: justify;\"><span style=\"font-family: verdana, geneva, sans-serif;\"><strong>Fabricado en Europa con la m\u00e1s avanzada tecnolog\u00eda<\/strong><\/span><\/li>\n<li><span style=\"font-family: verdana, geneva, sans-serif;\">Varios <a href=\"https:\/\/www.drufire.com\/int\/assortiment\/dru\/virtuo\/virtuo-130-evolve\" target=\"_blank\" rel=\"noopener\"><span style=\"font-family: verdana, geneva, sans-serif;\">efectos de llamas<\/span><\/a><\/span><\/li>\n<li style=\"text-align: justify;\"><span style=\"font-family: verdana, geneva, sans-serif;\">Chimenea el\u00e9ctrica frente o tambi\u00e9n\u00a0 2 \u00f3 3 lados<\/span><\/li>\n<li style=\"text-align: justify;\"><span id=\"result_box\" lang=\"es\" style=\"font-family: verdana, geneva, sans-serif;\">Cristal frontal basculante<\/span><\/li>\n<li style=\"text-align: justify;\"><span style=\"font-family: verdana, geneva, sans-serif;\">Gran realismo y visi\u00f3n de fuego mediante holograma<\/span><\/li>\n<li style=\"text-align: justify;\"><span style=\"font-family: verdana, geneva, sans-serif;\">Opci\u00f3n llamas multicolores<\/span><\/li>\n<li style=\"text-align: justify;\"><span style=\"font-family: verdana, geneva, sans-serif;\">Control de llamas amarillas<\/span><\/li>\n<li><span style=\"font-family: verdana, geneva, sans-serif;\">Mando a distancia<\/span>\u00a0<span style=\"font-family: verdana, geneva, sans-serif;\">o control por medio de App<\/span><\/li>\n<li style=\"text-align: justify;\"><span style=\"font-family: verdana, geneva, sans-serif;\"><strong>Le\u00f1os cer\u00e1micos &#8211; Gran Calidad &#8211; Cristales blancas<\/strong><\/span><\/li>\n<li><span style=\"font-family: verdana, geneva, sans-serif;\">Efecto brasa calientes<\/span><\/li>\n<li><span id=\"result_box\" lang=\"es\" style=\"font-family: verdana, geneva, sans-serif;\">Potencia calefactor &#8211; 750 &#8211; 1500 W<\/span><\/li>\n<li><a href=\"https:\/\/www.ambifuego.net\/contacto\/\" target=\"_blank\" rel=\"noopener\"><span style=\"font-family: verdana, geneva, sans-serif;\">PVP &#8211; Disponibilidad<\/span><\/a><\/li>\n<li><span style=\"font-family: verdana, geneva, sans-serif;\"><a href=\"https:\/\/www.instagram.com\/ambifuegosur\/\" target=\"_blank\" rel=\"noopener\">V\u00e9anse m\u00e1s fotos<\/a><\/span><\/li>\n<\/ul>\n<p>&nbsp;<\/p>\n","protected":false},"excerpt":{"rendered":"<p><strong><img fetchpriority=\"high\" decoding=\"async\" class=\"alignnone size-full wp-image-67016\" src=\"https:\/\/www.ambifuego.net\/wp-content\/uploads\/2021\/05\/1-virtuo-100-evolve-_optimized.jpg\" alt=\"\" width=\"525\" height=\"350\" srcset=\"https:\/\/www.ambifuego.net\/wp-content\/uploads\/2021\/05\/1-virtuo-100-evolve-_optimized.jpg 525w, https:\/\/www.ambifuego.net\/wp-content\/uploads\/2021\/05\/1-virtuo-100-evolve-_optimized-480x320.jpg 480w, https:\/\/www.ambifuego.net\/wp-content\/uploads\/2021\/05\/1-virtuo-100-evolve-_optimized-405x270.jpg 405w\" sizes=\"(max-width: 525px) 100vw, 525px\" \/><\/strong><\/p>\n<p>&nbsp;<\/p>\n","protected":false},"featured_media":67837,"template":"","meta":[],"product_brand":[],"product_cat":[259,260],"product_tag":[],"class_list":{"0":"post-40023","1":"product","2":"type-product","3":"status-publish","4":"has-post-thumbnail","6":"product_cat-chimeneas-electricas-decorativas-modernas-calefactor","7":"product_cat-electricas-panoramicas","9":"first","10":"instock","11":"shipping-taxable","12":"product-type-simple"},"_links":{"self":[{"href":"https:\/\/www.ambifuego.net\/es\/wp-json\/wp\/v2\/product\/40023","targetHints":{"allow":["GET"]}}],"collection":[{"href":"https:\/\/www.ambifuego.net\/es\/wp-json\/wp\/v2\/product"}],"about":[{"href":"https:\/\/www.ambifuego.net\/es\/wp-json\/wp\/v2\/types\/product"}],"version-history":[{"count":0,"href":"https:\/\/www.ambifuego.net\/es\/wp-json\/wp\/v2\/product\/40023\/revisions"}],"wp:featuredmedia":[{"embeddable":true,"href":"https:\/\/www.ambifuego.net\/es\/wp-json\/wp\/v2\/media\/67837"}],"wp:attachment":[{"href":"https:\/\/www.ambifuego.net\/es\/wp-json\/wp\/v2\/media?parent=40023"}],"wp:term":[{"taxonomy":"product_brand","embeddable":true,"href":"https:\/\/www.ambifuego.net\/es\/wp-json\/wp\/v2\/product_brand?post=40023"},{"taxonomy":"product_cat","embeddable":true,"href":"https:\/\/www.ambifuego.net\/es\/wp-json\/wp\/v2\/product_cat?post=40023"},{"taxonomy":"product_tag","embeddable":true,"href":"https:\/\/www.ambifuego.net\/es\/wp-json\/wp\/v2\/product_tag?post=40023"}],"curies":[{"name":"wp","href":"https:\/\/api.w.org\/{rel}","templated":true}]}}

<p style="text-align: justify;"><span style="font-family: verdana, geneva, sans-serif;">Chimenea eléctrica 1800 grande con efectos tan reales que no podrá decir si es real o no.</span></p>
<p style="text-align: justify;"><span style="font-family: verdana, geneva, sans-serif;">Gama de chimeneas desde 75, 80, 100, 130 y 180 cm de ancho. Las chimeneas eléctricas son aparatos que tienen una doble función, decorativa y apoyo de calefacción. Si busca una calefacción para climatizar un salón o habitaciones grandes, una chimenea eléctrica sola no lo logrará, su potencia no es mucha. Si se trata de una estancia pequeña si puede caldearse, exactamente igual que hace un radiador eléctrico. </span><span style="font-family: verdana, geneva, sans-serif;">A continuación, le presentamos</span><span style="font-family: verdana, geneva, sans-serif;"> la chimenea eléctrica 1800, mm, probablemente una de las más grandes del mercado. </span><span style="font-family: verdana, geneva, sans-serif;">De hecho, sus medidas la hacen adecuada para grandes salones, halls de hoteles o restaurantes.</span></p>
<p style="text-align: justify;"><span style="font-family: verdana, geneva, sans-serif;">Es un producto de <a href="https://www.drufire.com/int/products/electric-fires" target="_blank" rel="noopener">fabricación Europea</a> de la más alta calidad. Este fabricante con  <strong>productos galardonados</strong>  y reconocidos dota sus productos con la tecnología más avanzada.</span></p>
<h2 style="text-align: justify;"><span style="font-size: 12pt; font-family: verdana, geneva, sans-serif;"><em>Chimenea eléctrica 1800 grande, frente, esquina o tres lados</em></span></h2>
<p style="text-align: justify;"><span style="font-family: verdana, geneva, sans-serif;">Esta chimenea viene con troncos cerámicos decorativos, brasas y piedras de cristal. Su efecto efecto de llamas es tan realista que tendrá que mirar dos veces antes para poder distinguirla de una de leña. Por supuesto incluye un calefactor con turbinas que expulsa calor,   con dos potencias. Claro está es un producto de bajo consumo eléctrico ya que el efecto de las llamas, mediante tecnología Hologramas es también de bajo consumo eléctrico.</span></p>
<p style="text-align: justify;"><span style="font-family: verdana, geneva, sans-serif;">De hecho, tiene el total control del aparato con un mando a distancia o una aplicación telefónica. Con el mando a distancia y la App podrá controlar el modo de funcionamiento, luminosidad, efectos de colores, etc..</span></p>
<p style="text-align: justify;"><span style="font-family: verdana, geneva, sans-serif;"> puede, por lo tanto  controlar el funcionamiento de la chimenea. además de con una aplicación en el teléfono. Por supuesto tiene un termostato incorporado que le permite igualmente  regular y mantener la temperatura  seleccionada con facilidad.</span></p>
<p style="text-align: justify;"><span style="font-family: verdana, geneva, sans-serif;">Asimismo, la decoración del hogar de las chimeneas vienen con cristales, brasas y leños cerámicos<strong>. </strong>Además en la base del fuego también hay efectos de brasas, mediante bombillas leds.</span></p>
<p style="text-align: justify;"><span style="font-family: verdana, geneva, sans-serif;">Estas chimeneas se empotran en un hueco y están</span><span style="font-family: verdana, geneva, sans-serif;"> disponibles en varias versiones; de frente, de esquina derecha o izquierda  o también a 3 caras además de varios tamaños.</span></p>
<ul>
<li style="text-align: justify;"><span style="font-family: verdana, geneva, sans-serif;"><strong>Fabricado en Europa con la más avanzada tecnología</strong></span></li>
<li><span style="font-family: verdana, geneva, sans-serif;">Varios <a href="https://www.drufire.com/int/assortiment/dru/virtuo/virtuo-130-evolve" target="_blank" rel="noopener"><span style="font-family: verdana, geneva, sans-serif;">efectos de llamas</span></a></span></li>
<li style="text-align: justify;"><span style="font-family: verdana, geneva, sans-serif;">Chimenea eléctrica frente o también  2 ó 3 lados</span></li>
<li style="text-align: justify;"><span id="result_box" lang="es" style="font-family: verdana, geneva, sans-serif;">Cristal frontal basculante</span></li>
<li style="text-align: justify;"><span style="font-family: verdana, geneva, sans-serif;">Gran realismo y visión de fuego mediante holograma</span></li>
<li style="text-align: justify;"><span style="font-family: verdana, geneva, sans-serif;">Opción llamas multicolores</span></li>
<li style="text-align: justify;"><span style="font-family: verdana, geneva, sans-serif;">Control de llamas amarillas</span></li>
<li><span style="font-family: verdana, geneva, sans-serif;">Mando a distancia</span> <span style="font-family: verdana, geneva, sans-serif;">o control por medio de App</span></li>
<li style="text-align: justify;"><span style="font-family: verdana, geneva, sans-serif;"><strong>Leños cerámicos &#8211; Gran Calidad &#8211; Cristales blancas</strong></span></li>
<li><span style="font-family: verdana, geneva, sans-serif;">Efecto brasa calientes</span></li>
<li><span id="result_box" lang="es" style="font-family: verdana, geneva, sans-serif;">Potencia calefactor &#8211; 750 &#8211; 1500 W</span></li>
<li><a href="https://www.ambifuego.net/contacto/" target="_blank" rel="noopener"><span style="font-family: verdana, geneva, sans-serif;">PVP &#8211; Disponibilidad</span></a></li>
<li><span style="font-family: verdana, geneva, sans-serif;"><a href="https://www.instagram.com/ambifuegosur/" target="_blank" rel="noopener">Véanse más fotos</a></span></li>
</ul>
<p>&nbsp;</p>
