{"id":18405,"date":"2018-01-24T14:22:30","date_gmt":"2018-01-24T14:22:30","guid":{"rendered":"https:\/\/www.ambifuego.net\/xtempx\/?post_type=product&#038;p=18405"},"modified":"2025-11-26T16:00:30","modified_gmt":"2025-11-26T15:00:30","slug":"miriam-estufa-pellets","status":"publish","type":"product","link":"https:\/\/www.ambifuego.net\/es\/producto\/miriam-estufa-pellets\/","title":{"rendered":"MIRIAM"},"content":{"rendered":"<p><span style=\"font-family: verdana, geneva, sans-serif;\">Estufa Pellet Miriam dise\u00f1o sencillo &#8211; Las <a href=\"https:\/\/www.ambifuego.net\/es\/articulos\/pellets-biomasa-chimeneas-casettes-estufas-ambifuego-fabricante-y-distribuidor\/\" target=\"_blank\" rel=\"noopener\">estufas de pellets<\/a> Miriam se adaptan perfectamente a cualquier ambiente gracias a su dise\u00f1o sencillo y lineal. Est\u00e1n equipadas con un control remoto que permite una f\u00e1cil gesti\u00f3n remota y wifi opcional para controlar la m\u00e1quina desde cualquier lugar.<\/span><\/p>\n<p><span style=\"font-family: verdana, geneva, sans-serif;\"><div class='yrm-content yrm-content-1 yrm-content-hide  ' id='yrm-AHwJp' data-id='1' data-show-status='false' data-after-action='' style=\"visibility: hidden;height: 0;\">\n\t\t\t<div id='yrm-inner-content-yrm-AHwJp' class='yrm-inner-content-wrapper yrm-cntent-1'>\u00a0\u00a0\u00a0\u00a0\u00a0\u00a0\u00a0\u00a0 \u00a0\u00a0\u00a0<\/span><\/p>\n<p><span style=\"font-family: verdana, geneva, sans-serif;\">Detalle de la encimera de may\u00f3lica<\/span><br \/>\n<span style=\"font-family: verdana, geneva, sans-serif;\">Ventilaci\u00f3n frontal<\/span><br \/>\n<span style=\"font-family: verdana, geneva, sans-serif;\">Brasero de acero<\/span><br \/>\n<span style=\"font-family: verdana, geneva, sans-serif;\">C\u00e1mara de combusti\u00f3n de acero<\/span><\/p>\n<ul>\n<li style=\"text-align: left;\"><span style=\"font-family: verdana, geneva, sans-serif;\">Potencia min. &#8211; m\u00e1xima.; 2,84 &#8211; 8,87 kW<\/span><\/li>\n<li style=\"text-align: left;\"><span style=\"font-family: verdana, geneva, sans-serif;\">Eficiencia; 92,7 %<\/span><\/li>\n<li style=\"text-align: left;\"><span style=\"font-family: verdana, geneva, sans-serif;\">\u00a0Consumo; min. &#8211; m\u00e1xima; 0,58 &#8211; 1,81 kg\/h<\/span><\/li>\n<li style=\"text-align: left;\"><span style=\"font-family: verdana, geneva, sans-serif;\">Superficie; 200 m\u00b3<\/span><\/li>\n<li style=\"text-align: left;\"><span style=\"font-family: verdana, geneva, sans-serif;\">Colores; Bourdeaux, blanco, antracita<\/span><\/li>\n<li style=\"text-align: left;\"><span style=\"font-family: verdana, geneva, sans-serif;\">Peso; 82 kg<\/span><\/li>\n<li style=\"text-align: left;\"><span style=\"font-family: verdana, geneva, sans-serif;\">Tanque capacidad m\u00e1xima; 13 kg<\/span><\/li>\n<li><a href=\"https:\/\/www.ambifuego.net\/wp-content\/uploads\/2022\/04\/TEPOR_catalogo-tecnico_2021_CORRETTO.pdf\"><span style=\"font-family: verdana, geneva, sans-serif;\">Cat\u00e1logo<\/span><\/a><\/li>\n<li><a href=\"https:\/\/www.ambifuego.net\/contacto\/\"><span style=\"font-family: verdana, geneva, sans-serif;\">PVP &#8211; Disponibilidad<\/span><\/a><\/li>\n<\/ul>\n<p><a href=\"https:\/\/www.instagram.com\/ambifuegosur\" target=\"_blank\" rel=\"noopener\"><span style=\"font-family: verdana, geneva, sans-serif;\">Otras opciones de calefacci\u00f3n<\/span><\/a><\/p>\n<p><img fetchpriority=\"high\" decoding=\"async\" class=\" wp-image-81789\" src=\"https:\/\/www.ambifuego.net\/wp-content\/uploads\/2019\/03\/HERMETICA-COLORES-SP_11zon_11zon.webp\" alt=\"redonda pellet hermetica\" width=\"646\" height=\"81\" srcset=\"https:\/\/www.ambifuego.net\/wp-content\/uploads\/2019\/03\/HERMETICA-COLORES-SP_11zon_11zon.webp 1257w, https:\/\/www.ambifuego.net\/wp-content\/uploads\/2019\/03\/HERMETICA-COLORES-SP_11zon_11zon-768x97.webp 768w, https:\/\/www.ambifuego.net\/wp-content\/uploads\/2019\/03\/HERMETICA-COLORES-SP_11zon_11zon-800x101.webp 800w\" sizes=\"(max-width: 646px) 100vw, 646px\" \/><\/p>\n<p><\/div>\n\t\t<\/div><div class='yrm-btn-wrapper yrm-btn-wrapper-1 yrm-more-button-wrapper  '\n\t\tdata-custom-more-class-name='' data-custom-less-class-name=''><span title='' data-less-title='' data-more-title='' class='yrm-toggle-expand  yrm-toggle-expand-1 ' data-rel='yrm-AHwJp' data-more='M\u00e1s detalles ' data-less='Ver menos'><span class='yrm-text-wrapper yrm-text-wrapper-custom-dimensions'><span class=\"yrm-button-text-1 yrm-button-text-span\">M\u00e1s detalles <\/span><\/span><\/span><\/div><\/p>\n","protected":false},"excerpt":{"rendered":"<p>&nbsp;<\/p>\n[caption id=\"attachment_79130\" align=\"alignnone\" width=\"600\"]<img decoding=\"async\" class=\"wp-image-79130\" src=\"https:\/\/www.ambifuego.net\/wp-content\/uploads\/2017\/09\/standar-blanca-pellets_11zon.webp\" alt=\"estufa pellets standard\" width=\"600\" height=\"420\" srcset=\"https:\/\/www.ambifuego.net\/wp-content\/uploads\/2017\/09\/standar-blanca-pellets_11zon.webp 1000w, https:\/\/www.ambifuego.net\/wp-content\/uploads\/2017\/09\/standar-blanca-pellets_11zon-768x538.webp 768w, https:\/\/www.ambifuego.net\/wp-content\/uploads\/2017\/09\/standar-blanca-pellets_11zon-800x560.webp 800w\" sizes=\"(max-width: 600px) 100vw, 600px\" \/> estufa pellets standard[\/caption]\n","protected":false},"featured_media":79384,"template":"","meta":[],"product_brand":[],"product_cat":[275,281],"product_tag":[],"class_list":{"0":"post-18405","1":"product","2":"type-product","3":"status-publish","4":"has-post-thumbnail","6":"product_cat-chimeneas-de-biomasa","7":"product_cat-estufas-pellets-estandard-biomasa-modelos-estandar","9":"first","10":"instock","11":"shipping-taxable","12":"product-type-simple"},"_links":{"self":[{"href":"https:\/\/www.ambifuego.net\/es\/wp-json\/wp\/v2\/product\/18405","targetHints":{"allow":["GET"]}}],"collection":[{"href":"https:\/\/www.ambifuego.net\/es\/wp-json\/wp\/v2\/product"}],"about":[{"href":"https:\/\/www.ambifuego.net\/es\/wp-json\/wp\/v2\/types\/product"}],"version-history":[{"count":0,"href":"https:\/\/www.ambifuego.net\/es\/wp-json\/wp\/v2\/product\/18405\/revisions"}],"wp:featuredmedia":[{"embeddable":true,"href":"https:\/\/www.ambifuego.net\/es\/wp-json\/wp\/v2\/media\/79384"}],"wp:attachment":[{"href":"https:\/\/www.ambifuego.net\/es\/wp-json\/wp\/v2\/media?parent=18405"}],"wp:term":[{"taxonomy":"product_brand","embeddable":true,"href":"https:\/\/www.ambifuego.net\/es\/wp-json\/wp\/v2\/product_brand?post=18405"},{"taxonomy":"product_cat","embeddable":true,"href":"https:\/\/www.ambifuego.net\/es\/wp-json\/wp\/v2\/product_cat?post=18405"},{"taxonomy":"product_tag","embeddable":true,"href":"https:\/\/www.ambifuego.net\/es\/wp-json\/wp\/v2\/product_tag?post=18405"}],"curies":[{"name":"wp","href":"https:\/\/api.w.org\/{rel}","templated":true}]}}

<p><span style="font-family: verdana, geneva, sans-serif;">Estufa Pellet Miriam diseño sencillo &#8211; Las <a href="https://www.ambifuego.net/es/articulos/pellets-biomasa-chimeneas-casettes-estufas-ambifuego-fabricante-y-distribuidor/" target="_blank" rel="noopener">estufas de pellets</a> Miriam se adaptan perfectamente a cualquier ambiente gracias a su diseño sencillo y lineal. Están equipadas con un control remoto que permite una fácil gestión remota y wifi opcional para controlar la máquina desde cualquier lugar.</span></p>
<p><span style="font-family: verdana, geneva, sans-serif;"><div class='yrm-content yrm-content-1 yrm-content-hide  ' id='yrm-AHwJp' data-id='1' data-show-status='false' data-after-action='' style="visibility: hidden;height: 0;">
			<div id='yrm-inner-content-yrm-AHwJp' class='yrm-inner-content-wrapper yrm-cntent-1'>            </span></p>
<p><span style="font-family: verdana, geneva, sans-serif;">Detalle de la encimera de mayólica</span><br />
<span style="font-family: verdana, geneva, sans-serif;">Ventilación frontal</span><br />
<span style="font-family: verdana, geneva, sans-serif;">Brasero de acero</span><br />
<span style="font-family: verdana, geneva, sans-serif;">Cámara de combustión de acero</span></p>
<ul>
<li style="text-align: left;"><span style="font-family: verdana, geneva, sans-serif;">Potencia min. &#8211; máxima.; 2,84 &#8211; 8,87 kW</span></li>
<li style="text-align: left;"><span style="font-family: verdana, geneva, sans-serif;">Eficiencia; 92,7 %</span></li>
<li style="text-align: left;"><span style="font-family: verdana, geneva, sans-serif;"> Consumo; min. &#8211; máxima; 0,58 &#8211; 1,81 kg/h</span></li>
<li style="text-align: left;"><span style="font-family: verdana, geneva, sans-serif;">Superficie; 200 m³</span></li>
<li style="text-align: left;"><span style="font-family: verdana, geneva, sans-serif;">Colores; Bourdeaux, blanco, antracita</span></li>
<li style="text-align: left;"><span style="font-family: verdana, geneva, sans-serif;">Peso; 82 kg</span></li>
<li style="text-align: left;"><span style="font-family: verdana, geneva, sans-serif;">Tanque capacidad máxima; 13 kg</span></li>
<li><a href="https://www.ambifuego.net/wp-content/uploads/2022/04/TEPOR_catalogo-tecnico_2021_CORRETTO.pdf"><span style="font-family: verdana, geneva, sans-serif;">Catálogo</span></a></li>
<li><a href="https://www.ambifuego.net/contacto/"><span style="font-family: verdana, geneva, sans-serif;">PVP &#8211; Disponibilidad</span></a></li>
</ul>
<p><a href="https://www.instagram.com/ambifuegosur" target="_blank" rel="noopener"><span style="font-family: verdana, geneva, sans-serif;">Otras opciones de calefacción</span></a></p>
<p><img fetchpriority="high" decoding="async" class=" wp-image-81789" src="https://www.ambifuego.net/wp-content/uploads/2019/03/HERMETICA-COLORES-SP_11zon_11zon.webp" alt="redonda pellet hermetica" width="646" height="81" srcset="https://www.ambifuego.net/wp-content/uploads/2019/03/HERMETICA-COLORES-SP_11zon_11zon.webp 1257w, https://www.ambifuego.net/wp-content/uploads/2019/03/HERMETICA-COLORES-SP_11zon_11zon-768x97.webp 768w, https://www.ambifuego.net/wp-content/uploads/2019/03/HERMETICA-COLORES-SP_11zon_11zon-800x101.webp 800w" sizes="(max-width: 646px) 100vw, 646px" /></p>
<p></div>
		</div><div class='yrm-btn-wrapper yrm-btn-wrapper-1 yrm-more-button-wrapper  '
		data-custom-more-class-name='' data-custom-less-class-name=''><span title='' data-less-title='' data-more-title='' class='yrm-toggle-expand  yrm-toggle-expand-1 ' data-rel='yrm-AHwJp' data-more='Más detalles ' data-less='Ver menos'><span class='yrm-text-wrapper yrm-text-wrapper-custom-dimensions'><span class="yrm-button-text-1 yrm-button-text-span">Más detalles </span></span></span></div></p>
