{"id":17393,"date":"2017-09-25T17:55:31","date_gmt":"2017-09-25T17:55:31","guid":{"rendered":"https:\/\/www.ambifuego.net\/xtempx\/web17\/producto\/panoramic-e600gf-front\/"},"modified":"2023-11-29T15:19:26","modified_gmt":"2023-11-29T14:19:26","slug":"decorativ-fronted-electric-fire","status":"publish","type":"product","link":"https:\/\/www.ambifuego.net\/en\/producto\/decorativ-fronted-electric-fire\/","title":{"rendered":"E-600 &#8211; FRONTED"},"content":{"rendered":"<ul>\n<li><span style=\"font-family: verdana, geneva, sans-serif;\" data-mce-style=\"font-family: verdana, geneva, sans-serif;\">Decorativ fronted electric fire<\/span><\/li>\n<li><span style=\"font-family: verdana, geneva, sans-serif;\" data-mce-style=\"font-family: verdana, geneva, sans-serif;\"><strong>Made in Europe<\/strong><\/span><\/li>\n<li><span id=\"result_box\" class=\"\" lang=\"en\" style=\"font-family: verdana, geneva, sans-serif;\" data-mce-style=\"font-family: verdana, geneva, sans-serif;\"><span class=\"\">Modern Glass fronted electric fire<\/span><br \/><\/span><\/li>\n<li><span style=\"font-family: verdana, geneva, sans-serif;\" data-mce-style=\"font-family: verdana, geneva, sans-serif;\"><strong>e-touch-Control<\/strong> &#8211; Remote (Available soon)<\/span><\/li>\n<li><span id=\"result_box\" class=\"\" lang=\"en\" style=\"font-family: verdana, geneva, sans-serif;\" data-mce-style=\"font-family: verdana, geneva, sans-serif;\">Fan heater &#8211; 2 positions 750 &#8211; 1500 W<\/span><\/li>\n<li><span id=\"result_box\" class=\"\" lang=\"en\" style=\"font-family: verdana, geneva, sans-serif;\" data-mce-style=\"font-family: verdana, geneva, sans-serif;\">Woodland &#8211; Silver Birch or Stones<\/span><\/li>\n<li><span style=\"font-family: verdana, geneva, sans-serif;\" data-mce-style=\"font-family: verdana, geneva, sans-serif;\"><span id=\"result_box\" class=\"\" lang=\"en\"><strong>Nitra Flame effect<\/strong> &#8211; Coloured flames<\/span><span id=\"result_box\" class=\"\" lang=\"en\"><br \/><\/span><\/span><\/li>\n<li><span style=\"font-family: verdana, geneva, sans-serif;\" data-mce-style=\"font-family: verdana, geneva, sans-serif;\">Led &#8211; Technologie<\/span><\/li>\n<li><span style=\"font-family: verdana, geneva, sans-serif;\" data-mce-style=\"font-family: verdana, geneva, sans-serif;\"><strong><span id=\"result_box\" class=\"\" lang=\"en\">Award Winning product<\/span><\/strong><\/span><\/li>\n<li><a href=\"https:\/\/www.ambifuego.net\/en\/contact\/\" target=\"_blank\" rel=\"noopener\" data-mce-href=\"https:\/\/www.ambifuego.net\/en\/contact\/\"><span style=\"font-family: verdana, geneva, sans-serif;\" data-mce-style=\"font-family: verdana, geneva, sans-serif;\">Price &#8211; Availability<\/span><\/a><\/li>\n<li><span style=\"font-family: verdana, geneva, sans-serif;\" data-mce-style=\"font-family: verdana, geneva, sans-serif;\"><a href=\"https:\/\/www.ambifuego.net\/wp-content\/uploads\/2021\/05\/EVONIC-2021.pdf\" target=\"_blank\" rel=\"noopener\" data-mce-href=\"https:\/\/www.ambifuego.net\/wp-content\/uploads\/2021\/05\/EVONIC-2021.pdf\">Catalogue<\/a><\/span><\/li>\n<li><span style=\"font-family: verdana, geneva, sans-serif;\" data-mce-style=\"font-family: verdana, geneva, sans-serif;\"><a href=\"https:\/\/vimeo.com\/ambifuego\" target=\"_blank\" rel=\"noopener\" data-mce-href=\"https:\/\/vimeo.com\/ambifuego\">Video<\/a><\/span><\/li>\n<\/ul>\n<p><img fetchpriority=\"high\" decoding=\"async\" class=\"alignnone size-full wp-image-40363\" src=\"https:\/\/www.ambifuego.net\/wp-content\/uploads\/2017\/09\/600gf.jpg\" alt=\"\" width=\"366\" height=\"250\" data-mce-src=\"https:\/\/www.ambifuego.net\/wp-content\/uploads\/2017\/09\/600gf.jpg\"><\/p>\n","protected":false},"excerpt":{"rendered":"[caption id=\"attachment_21391\" align=\"alignnone\" width=\"285\"]<img decoding=\"async\" class=\"wp-image-21391 size-full\" src=\"https:\/\/www.ambifuego.net\/wp-content\/uploads\/2017\/09\/Evonic-e600gf.jpg\" alt=\"decorativ fronted electric fire\" width=\"285\" height=\"259\" \/> chimenea el\u00e9ctrica frontal con le\u00f1os cer\u00e1micos, empotrada en la pared[\/caption]\n","protected":false},"featured_media":21519,"template":"","meta":[],"product_brand":[],"product_cat":[334,337],"product_tag":[],"class_list":{"0":"post-17393","1":"product","2":"type-product","3":"status-publish","4":"has-post-thumbnail","6":"product_cat-high-quality-electric-fireplace","7":"product_cat-panoramic-electric-fires-modern","9":"first","10":"instock","11":"shipping-taxable","12":"product-type-simple"},"_links":{"self":[{"href":"https:\/\/www.ambifuego.net\/en\/wp-json\/wp\/v2\/product\/17393","targetHints":{"allow":["GET"]}}],"collection":[{"href":"https:\/\/www.ambifuego.net\/en\/wp-json\/wp\/v2\/product"}],"about":[{"href":"https:\/\/www.ambifuego.net\/en\/wp-json\/wp\/v2\/types\/product"}],"version-history":[{"count":0,"href":"https:\/\/www.ambifuego.net\/en\/wp-json\/wp\/v2\/product\/17393\/revisions"}],"wp:featuredmedia":[{"embeddable":true,"href":"https:\/\/www.ambifuego.net\/en\/wp-json\/wp\/v2\/media\/21519"}],"wp:attachment":[{"href":"https:\/\/www.ambifuego.net\/en\/wp-json\/wp\/v2\/media?parent=17393"}],"wp:term":[{"taxonomy":"product_brand","embeddable":true,"href":"https:\/\/www.ambifuego.net\/en\/wp-json\/wp\/v2\/product_brand?post=17393"},{"taxonomy":"product_cat","embeddable":true,"href":"https:\/\/www.ambifuego.net\/en\/wp-json\/wp\/v2\/product_cat?post=17393"},{"taxonomy":"product_tag","embeddable":true,"href":"https:\/\/www.ambifuego.net\/en\/wp-json\/wp\/v2\/product_tag?post=17393"}],"curies":[{"name":"wp","href":"https:\/\/api.w.org\/{rel}","templated":true}]}}

[caption id="attachment_21391" align="alignnone" width="285"]<img decoding="async" class="wp-image-21391 size-full" src="https://www.ambifuego.net/wp-content/uploads/2017/09/Evonic-e600gf.jpg" alt="decorativ fronted electric fire" width="285" height="259" /> chimenea eléctrica frontal con leños cerámicos, empotrada en la pared[/caption]
