{"id":41004,"date":"2021-05-31T09:51:36","date_gmt":"2021-05-31T09:51:37","guid":{"rendered":"https:\/\/www.ambifuego.net\/xtempx\/?post_type=product&#038;p=41004"},"modified":"2023-07-04T12:15:02","modified_gmt":"2023-07-04T10:15:02","slug":"stein-pizzaofen-garten-gas-holz","status":"publish","type":"product","link":"https:\/\/www.ambifuego.net\/de\/producto\/stein-pizzaofen-garten-gas-holz\/","title":{"rendered":"Pizzaofen Garten Gas\/Holz"},"content":{"rendered":"<div class=\"l-details-info__main\">\n<div class=\"c-section\">\n<div class=\"c-section__content c-section__content--product-desc u-no-margin\">\n<h1 align=\"justify\"><span style=\"font-size: 12pt; font-family: verdana, geneva, sans-serif;\">Stein Pizzaofen gas\/Holz<\/span><\/h1>\n<p align=\"justify\"><span style=\"font-family: verdana, geneva, sans-serif;\">Tragbarer Gasofen f\u00fcr den Au\u00dfenbereich, der in wenigen Minuten Pizzas auf dem Stein kocht. Wenn Sie den Ofen und den Stein 15 Minuten vorheizen, ist Ihre Pizza in nur 1 oder 2 Minuten fertig.<\/span><\/p>\n<p><span style=\"font-family: verdana, geneva, sans-serif;\">Im Inneren ist es gleich wie in einem traditionellen Steinpizzaofen mit Schamottstein. Der Ofenk\u00f6rper besteht aus kaltgewalztem Edelstahl und der Brennstein besteht aus 12 mm dicker Cordierite-Keramik, zuverl\u00e4ssigen, widerstandsf\u00e4higen und sehr langlebigen Materialien.<\/span><\/p>\n<p><span style=\"font-family: verdana, geneva, sans-serif;\">Es sind tragbarer Gas\u00f6fen f\u00fcr den Au\u00dfenbereich oder f\u00fcr stark bel\u00fcftete R\u00e4ume wie Veranden und Terrassen.\u00a0Es verf\u00fcgt \u00fcber ein Flame-Out-Sicherheitssystem, es wird durch den Funken des Z\u00fcndknopfes oder auch dank des mitgelieferten verl\u00e4ngerten Streichholzhalters entz\u00fcndet.<\/span><\/p>\n<p><span style=\"font-family: verdana, geneva, sans-serif;\"><strong>Holz<\/strong> war schon immer der Brennstoff unserer Wahl, wenn man Tradition und rustikale Aromen liebt. Ideal f\u00fcr alle, die das Leben im Freien genie\u00dfen und sich gerne auch mal die Finger schmutzig machen.<\/span><\/p>\n<p><span style=\"font-family: verdana, geneva, sans-serif;\"><strong>Gaz <\/strong>Praktisch und schnell \u2013 es ist der Ofen f\u00fcr Menschen, die keine Zeit verschwenden und auf den Punkt kommen wollen. Die beste Wahl, wenn Sie mit Leichtigkeit hervorragende Ergebnisse erzielen wollen.<\/span><\/p>\n<ul>\n<li style=\"text-align: justify;\"><span style=\"font-family: verdana, geneva, sans-serif;\">Ideal f\u00fcr kleine Aussenk\u00fcchen , Balkons, Garten<\/span><\/li>\n<li><span style=\"font-family: verdana, geneva, sans-serif;\">Sehr gute Isolierung.<\/span><\/li>\n<li><span style=\"font-family: verdana, geneva, sans-serif;\">Hitzespeicherung enorm.<\/span><\/li>\n<li><span style=\"font-family: verdana, geneva, sans-serif;\">Der ofen speichert die Hitze extrem lange.<\/span><\/li>\n<li><span style=\"font-family: verdana, geneva, sans-serif;\">Innen heiss, aussen k\u00fchl<\/span><\/li>\n<li><span style=\"font-family: verdana, geneva, sans-serif;\">5 Farben<\/span><\/li>\n<li><span style=\"font-family: verdana, geneva, sans-serif;\">Masse: Ab 1 Pizza bis zum 5 Pizzas<\/span><\/li>\n<li><span style=\"font-family: verdana, geneva, sans-serif;\">Infrarot-Thermometer auf der Kuppel<\/span><\/li>\n<li><span style=\"font-family: verdana, geneva, sans-serif;\">Alle Back\u00f6fen sin mit einem Pyrometer ausgestattet<\/span><\/li>\n<li><span style=\"font-family: verdana, geneva, sans-serif;\">Handarbeit produziert.<\/span><\/li>\n<li><span style=\"font-family: verdana, geneva, sans-serif;\"><a href=\"https:\/\/www.ambifuego.net\/wp-content\/uploads\/2023\/06\/05-06-23-bbq.pub2_compressed-1.pdf\">Broschure<\/a><\/span><\/li>\n<li><a href=\"https:\/\/www.youtube.com\/channel\/UC1EdXUbFh6utrSXmgxJGWbw\">Video<\/a><\/li>\n<\/ul>\n<\/div>\n<\/div>\n<\/div>\n<p>&nbsp;<\/p>\n","protected":false},"excerpt":{"rendered":"[caption id=\"attachment_43226\" align=\"alignnone\" width=\"480\"]<img fetchpriority=\"high\" decoding=\"async\" class=\"size-medium wp-image-43226\" src=\"https:\/\/www.ambifuego.net\/wp-content\/uploads\/2021\/07\/horno-nina_optimized-480x315.jpg\" alt=\"horno peque\u00f1o acero azul le\u00f1a - portable oven blue- klein ofen blau\" width=\"480\" height=\"315\" srcset=\"https:\/\/www.ambifuego.net\/wp-content\/uploads\/2021\/07\/horno-nina_optimized-480x315.jpg 480w, https:\/\/www.ambifuego.net\/wp-content\/uploads\/2021\/07\/horno-nina_optimized-412x270.jpg 412w, https:\/\/www.ambifuego.net\/wp-content\/uploads\/2021\/07\/horno-nina_optimized.jpg 488w\" sizes=\"(max-width: 480px) 100vw, 480px\" \/> horno peque\u00f1o acero inoxidablele\u00f1a &#8211; portable oven inox- klein ofen blau[\/caption]\n","protected":false},"featured_media":49350,"template":"","meta":[],"product_brand":[],"product_cat":[491],"product_tag":[],"class_list":{"0":"post-41004","1":"product","2":"type-product","3":"status-publish","4":"has-post-thumbnail","6":"product_cat-pizzaofen-backofen-pizzastein-gas-holz","8":"first","9":"instock","10":"downloadable","11":"shipping-taxable","12":"product-type-simple"},"_links":{"self":[{"href":"https:\/\/www.ambifuego.net\/de\/wp-json\/wp\/v2\/product\/41004","targetHints":{"allow":["GET"]}}],"collection":[{"href":"https:\/\/www.ambifuego.net\/de\/wp-json\/wp\/v2\/product"}],"about":[{"href":"https:\/\/www.ambifuego.net\/de\/wp-json\/wp\/v2\/types\/product"}],"version-history":[{"count":0,"href":"https:\/\/www.ambifuego.net\/de\/wp-json\/wp\/v2\/product\/41004\/revisions"}],"wp:featuredmedia":[{"embeddable":true,"href":"https:\/\/www.ambifuego.net\/de\/wp-json\/wp\/v2\/media\/49350"}],"wp:attachment":[{"href":"https:\/\/www.ambifuego.net\/de\/wp-json\/wp\/v2\/media?parent=41004"}],"wp:term":[{"taxonomy":"product_brand","embeddable":true,"href":"https:\/\/www.ambifuego.net\/de\/wp-json\/wp\/v2\/product_brand?post=41004"},{"taxonomy":"product_cat","embeddable":true,"href":"https:\/\/www.ambifuego.net\/de\/wp-json\/wp\/v2\/product_cat?post=41004"},{"taxonomy":"product_tag","embeddable":true,"href":"https:\/\/www.ambifuego.net\/de\/wp-json\/wp\/v2\/product_tag?post=41004"}],"curies":[{"name":"wp","href":"https:\/\/api.w.org\/{rel}","templated":true}]}}

<div class="l-details-info__main">
<div class="c-section">
<div class="c-section__content c-section__content--product-desc u-no-margin">
<h1 align="justify"><span style="font-size: 12pt; font-family: verdana, geneva, sans-serif;">Stein Pizzaofen gas/Holz</span></h1>
<p align="justify"><span style="font-family: verdana, geneva, sans-serif;">Tragbarer Gasofen für den Außenbereich, der in wenigen Minuten Pizzas auf dem Stein kocht. Wenn Sie den Ofen und den Stein 15 Minuten vorheizen, ist Ihre Pizza in nur 1 oder 2 Minuten fertig.</span></p>
<p><span style="font-family: verdana, geneva, sans-serif;">Im Inneren ist es gleich wie in einem traditionellen Steinpizzaofen mit Schamottstein. Der Ofenkörper besteht aus kaltgewalztem Edelstahl und der Brennstein besteht aus 12 mm dicker Cordierite-Keramik, zuverlässigen, widerstandsfähigen und sehr langlebigen Materialien.</span></p>
<p><span style="font-family: verdana, geneva, sans-serif;">Es sind tragbarer Gasöfen für den Außenbereich oder für stark belüftete Räume wie Veranden und Terrassen. Es verfügt über ein Flame-Out-Sicherheitssystem, es wird durch den Funken des Zündknopfes oder auch dank des mitgelieferten verlängerten Streichholzhalters entzündet.</span></p>
<p><span style="font-family: verdana, geneva, sans-serif;"><strong>Holz</strong> war schon immer der Brennstoff unserer Wahl, wenn man Tradition und rustikale Aromen liebt. Ideal für alle, die das Leben im Freien genießen und sich gerne auch mal die Finger schmutzig machen.</span></p>
<p><span style="font-family: verdana, geneva, sans-serif;"><strong>Gaz </strong>Praktisch und schnell – es ist der Ofen für Menschen, die keine Zeit verschwenden und auf den Punkt kommen wollen. Die beste Wahl, wenn Sie mit Leichtigkeit hervorragende Ergebnisse erzielen wollen.</span></p>
<ul>
<li style="text-align: justify;"><span style="font-family: verdana, geneva, sans-serif;">Ideal für kleine Aussenküchen , Balkons, Garten</span></li>
<li><span style="font-family: verdana, geneva, sans-serif;">Sehr gute Isolierung.</span></li>
<li><span style="font-family: verdana, geneva, sans-serif;">Hitzespeicherung enorm.</span></li>
<li><span style="font-family: verdana, geneva, sans-serif;">Der ofen speichert die Hitze extrem lange.</span></li>
<li><span style="font-family: verdana, geneva, sans-serif;">Innen heiss, aussen kühl</span></li>
<li><span style="font-family: verdana, geneva, sans-serif;">5 Farben</span></li>
<li><span style="font-family: verdana, geneva, sans-serif;">Masse: Ab 1 Pizza bis zum 5 Pizzas</span></li>
<li><span style="font-family: verdana, geneva, sans-serif;">Infrarot-Thermometer auf der Kuppel</span></li>
<li><span style="font-family: verdana, geneva, sans-serif;">Alle Backöfen sin mit einem Pyrometer ausgestattet</span></li>
<li><span style="font-family: verdana, geneva, sans-serif;">Handarbeit produziert.</span></li>
<li><span style="font-family: verdana, geneva, sans-serif;"><a href="https://www.ambifuego.net/wp-content/uploads/2023/06/05-06-23-bbq.pub2_compressed-1.pdf">Broschure</a></span></li>
<li><a href="https://www.youtube.com/channel/UC1EdXUbFh6utrSXmgxJGWbw">Video</a></li>
</ul>
</div>
</div>
</div>
<p>&nbsp;</p>

[caption id="attachment_43226" align="alignnone" width="480"]<img fetchpriority="high" decoding="async" class="size-medium wp-image-43226" src="https://www.ambifuego.net/wp-content/uploads/2021/07/horno-nina_optimized-480x315.jpg" alt="horno pequeño acero azul leña - portable oven blue- klein ofen blau" width="480" height="315" srcset="https://www.ambifuego.net/wp-content/uploads/2021/07/horno-nina_optimized-480x315.jpg 480w, https://www.ambifuego.net/wp-content/uploads/2021/07/horno-nina_optimized-412x270.jpg 412w, https://www.ambifuego.net/wp-content/uploads/2021/07/horno-nina_optimized.jpg 488w" sizes="(max-width: 480px) 100vw, 480px" /> horno pequeño acero inoxidableleña &#8211; portable oven inox- klein ofen blau[/caption]
