{"id":40012,"date":"2021-05-18T13:18:57","date_gmt":"2021-05-18T13:18:57","guid":{"rendered":"https:\/\/www.ambifuego.net\/xtempx\/?post_type=product&#038;p=40012"},"modified":"2025-05-30T11:22:18","modified_gmt":"2025-05-30T09:22:18","slug":"panorama-elektrischer-kamin-modern","status":"publish","type":"product","link":"https:\/\/www.ambifuego.net\/de\/producto\/panorama-elektrischer-kamin-modern\/","title":{"rendered":"1-2-3 SEITEN KAMIN &#8211; 2400"},"content":{"rendered":"<p style=\"text-align: justify;\"><span style=\"font-family: verdana, geneva, sans-serif;\">Panorama Elektrischer Kamin modern, eine einfache Alternative zum konventionellen Kaminofen. Er heizt die Raumluft mithilfe elektrischer Heizwiderst\u00e4nde auf und ist somit eine Elektrodirektheizung.<\/span><\/p>\n<p style=\"text-align: justify;\"><span style=\"font-family: verdana, geneva, sans-serif;\">A\u00e4hrend stromdurchflossene Heizelemente die Luft im Elektrokamin erw\u00e4rmen, steigt diese auf und verteilt sich im Raum. Dabei entsteht ein Unterdruck im Ofen, der frische Raumluft ansaugt und zu denHeizfl\u00e4chen leitet. Anders als b ei einem konventionellen Kamin \u00fcbertr\u00e4gt ein elektrischer Kamin thermische Energie also \u00fcberwiegend in Form von Konvektion anden Raum.<\/span><\/p>\n<p><strong>R<span style=\"font-family: verdana, geneva, sans-serif;\">eallistischem Feuer Effekt<\/span><\/strong><\/p>\n<ul>\n<li><span style=\"font-family: verdana, geneva, sans-serif;\"><strong>Made in Europe<\/strong><span id=\"result_box\" class=\"\" lang=\"de\"><br \/>\n<\/span><\/span><\/li>\n<li><span style=\"font-family: verdana, geneva, sans-serif;\">Moderner Kamin mit echtfeuer Flammeneffekt<\/span><\/li>\n<li><span style=\"font-family: verdana, geneva, sans-serif;\">1-2-3 Sichtseiten Elektrokamin<\/span><\/li>\n<li><span style=\"font-family: verdana, geneva, sans-serif;\"><strong>e-touch App-Control &#8211;<\/strong> Tablet &#8211; Fernbedienung (Bald)<\/span><\/li>\n<li><span id=\"result_box\" class=\"\" lang=\"de\" style=\"font-family: verdana, geneva, sans-serif;\">2 Heizstufen 750 &#8211; 1500 W<\/span><\/li>\n<li><span style=\"font-family: verdana, geneva, sans-serif;\">Antireflekteriendes Frontglas<\/span><\/li>\n<li><span id=\"result_box\" class=\"\" lang=\"de\" style=\"font-family: verdana, geneva, sans-serif;\">Led Beleuchtung &#8211; Energiesparend<\/span><\/li>\n<li><span id=\"result_box\" class=\"\" lang=\"de\" style=\"font-family: verdana, geneva, sans-serif;\">Holz- Silberbirken oder Steine Dekor<\/span><\/li>\n<li><span style=\"font-family: verdana, geneva, sans-serif;\">Sicher und Sauber<\/span><\/li>\n<li><span style=\"font-family: verdana, geneva, sans-serif;\"><strong><em>Preisgekr\u00f6ntes Produkt<\/em><\/strong><\/span><\/li>\n<li><span style=\"font-family: verdana, geneva, sans-serif;\">* Option;<strong> Nitra-Flame Effect<\/strong>&#8211; F\u00e4rbige Flammen<\/span><\/li>\n<li><span style=\"font-family: verdana, geneva, sans-serif;\"><a href=\"https:\/\/www.ambifuego.net\/de\/kontakt\/\" target=\"_blank\" rel=\"noopener\">Preise nach Anfrage<\/a><\/span><\/li>\n<li><span style=\"font-family: verdana, geneva, sans-serif;\"><a href=\"https:\/\/www.ambifuego.net\/wp-content\/uploads\/2021\/05\/EVONIC-2021.pdf\" target=\"_blank\" rel=\"noopener\">Katalog<\/a>&#8211;\u00a0 <\/span><\/li>\n<li><a href=\"https:\/\/vimeo.com\/ambifuego\" target=\"_blank\" rel=\"noopener\"><span style=\"font-family: verdana, geneva, sans-serif;\">Video<\/span><\/a><\/li>\n<\/ul>\n<figure id=\"attachment_49275\" aria-describedby=\"caption-attachment-49275\" style=\"width: 588px\" class=\"wp-caption alignnone\"><img fetchpriority=\"high\" decoding=\"async\" class=\" wp-image-49275\" src=\"https:\/\/www.ambifuego.net\/wp-content\/uploads\/2021\/05\/2400-electrico-medidas_optimized-480x133.jpg\" alt=\"chimenea el\u00e9ctrica 2400 medidas\" width=\"588\" height=\"163\" srcset=\"https:\/\/www.ambifuego.net\/wp-content\/uploads\/2021\/05\/2400-electrico-medidas_optimized-480x133.jpg 480w, https:\/\/www.ambifuego.net\/wp-content\/uploads\/2021\/05\/2400-electrico-medidas_optimized-768x212.jpg 768w, https:\/\/www.ambifuego.net\/wp-content\/uploads\/2021\/05\/2400-electrico-medidas_optimized-780x216.jpg 780w, https:\/\/www.ambifuego.net\/wp-content\/uploads\/2021\/05\/2400-electrico-medidas_optimized-880x243.jpg 880w, https:\/\/www.ambifuego.net\/wp-content\/uploads\/2021\/05\/2400-electrico-medidas_optimized-800x221.jpg 800w, https:\/\/www.ambifuego.net\/wp-content\/uploads\/2021\/05\/2400-electrico-medidas_optimized.jpg 991w\" sizes=\"(max-width: 588px) 100vw, 588px\" \/><figcaption id=\"caption-attachment-49275\" class=\"wp-caption-text\">chimenea el\u00e9ctrica 2400 medidas<\/figcaption><\/figure>\n","protected":false},"excerpt":{"rendered":"<p><img decoding=\"async\" class=\"alignnone wp-image-49247 size-medium\" src=\"https:\/\/www.ambifuego.net\/wp-content\/uploads\/2017\/09\/1800-2-3lados_optimized-480x255.jpg\" alt=\"panorama-elektrischer-kamin-modern \" width=\"480\" height=\"255\" srcset=\"https:\/\/www.ambifuego.net\/wp-content\/uploads\/2017\/09\/1800-2-3lados_optimized-480x255.jpg 480w, https:\/\/www.ambifuego.net\/wp-content\/uploads\/2017\/09\/1800-2-3lados_optimized.jpg 603w\" sizes=\"(max-width: 480px) 100vw, 480px\" \/><\/p>\n","protected":false},"featured_media":74401,"template":"","meta":[],"product_brand":[],"product_cat":[379,382],"product_tag":[],"class_list":{"0":"post-40012","1":"product","2":"type-product","3":"status-publish","4":"has-post-thumbnail","6":"product_cat-ihr-spezialist-fuer-elektrokamine","7":"product_cat-elektrokamin-manufaktur-panoramakamin-spanien","9":"first","10":"instock","11":"shipping-taxable","12":"product-type-simple"},"_links":{"self":[{"href":"https:\/\/www.ambifuego.net\/de\/wp-json\/wp\/v2\/product\/40012","targetHints":{"allow":["GET"]}}],"collection":[{"href":"https:\/\/www.ambifuego.net\/de\/wp-json\/wp\/v2\/product"}],"about":[{"href":"https:\/\/www.ambifuego.net\/de\/wp-json\/wp\/v2\/types\/product"}],"version-history":[{"count":0,"href":"https:\/\/www.ambifuego.net\/de\/wp-json\/wp\/v2\/product\/40012\/revisions"}],"wp:featuredmedia":[{"embeddable":true,"href":"https:\/\/www.ambifuego.net\/de\/wp-json\/wp\/v2\/media\/74401"}],"wp:attachment":[{"href":"https:\/\/www.ambifuego.net\/de\/wp-json\/wp\/v2\/media?parent=40012"}],"wp:term":[{"taxonomy":"product_brand","embeddable":true,"href":"https:\/\/www.ambifuego.net\/de\/wp-json\/wp\/v2\/product_brand?post=40012"},{"taxonomy":"product_cat","embeddable":true,"href":"https:\/\/www.ambifuego.net\/de\/wp-json\/wp\/v2\/product_cat?post=40012"},{"taxonomy":"product_tag","embeddable":true,"href":"https:\/\/www.ambifuego.net\/de\/wp-json\/wp\/v2\/product_tag?post=40012"}],"curies":[{"name":"wp","href":"https:\/\/api.w.org\/{rel}","templated":true}]}}

<p style="text-align: justify;"><span style="font-family: verdana, geneva, sans-serif;">Panorama Elektrischer Kamin modern, eine einfache Alternative zum konventionellen Kaminofen. Er heizt die Raumluft mithilfe elektrischer Heizwiderstände auf und ist somit eine Elektrodirektheizung.</span></p>
<p style="text-align: justify;"><span style="font-family: verdana, geneva, sans-serif;">Aährend stromdurchflossene Heizelemente die Luft im Elektrokamin erwärmen, steigt diese auf und verteilt sich im Raum. Dabei entsteht ein Unterdruck im Ofen, der frische Raumluft ansaugt und zu denHeizflächen leitet. Anders als b ei einem konventionellen Kamin überträgt ein elektrischer Kamin thermische Energie also überwiegend in Form von Konvektion anden Raum.</span></p>
<p><strong>R<span style="font-family: verdana, geneva, sans-serif;">eallistischem Feuer Effekt</span></strong></p>
<ul>
<li><span style="font-family: verdana, geneva, sans-serif;"><strong>Made in Europe</strong><span id="result_box" class="" lang="de"><br />
</span></span></li>
<li><span style="font-family: verdana, geneva, sans-serif;">Moderner Kamin mit echtfeuer Flammeneffekt</span></li>
<li><span style="font-family: verdana, geneva, sans-serif;">1-2-3 Sichtseiten Elektrokamin</span></li>
<li><span style="font-family: verdana, geneva, sans-serif;"><strong>e-touch App-Control &#8211;</strong> Tablet &#8211; Fernbedienung (Bald)</span></li>
<li><span id="result_box" class="" lang="de" style="font-family: verdana, geneva, sans-serif;">2 Heizstufen 750 &#8211; 1500 W</span></li>
<li><span style="font-family: verdana, geneva, sans-serif;">Antireflekteriendes Frontglas</span></li>
<li><span id="result_box" class="" lang="de" style="font-family: verdana, geneva, sans-serif;">Led Beleuchtung &#8211; Energiesparend</span></li>
<li><span id="result_box" class="" lang="de" style="font-family: verdana, geneva, sans-serif;">Holz- Silberbirken oder Steine Dekor</span></li>
<li><span style="font-family: verdana, geneva, sans-serif;">Sicher und Sauber</span></li>
<li><span style="font-family: verdana, geneva, sans-serif;"><strong><em>Preisgekröntes Produkt</em></strong></span></li>
<li><span style="font-family: verdana, geneva, sans-serif;">* Option;<strong> Nitra-Flame Effect</strong>&#8211; Färbige Flammen</span></li>
<li><span style="font-family: verdana, geneva, sans-serif;"><a href="https://www.ambifuego.net/de/kontakt/" target="_blank" rel="noopener">Preise nach Anfrage</a></span></li>
<li><span style="font-family: verdana, geneva, sans-serif;"><a href="https://www.ambifuego.net/wp-content/uploads/2021/05/EVONIC-2021.pdf" target="_blank" rel="noopener">Katalog</a>&#8211;  </span></li>
<li><a href="https://vimeo.com/ambifuego" target="_blank" rel="noopener"><span style="font-family: verdana, geneva, sans-serif;">Video</span></a></li>
</ul>
<figure id="attachment_49275" aria-describedby="caption-attachment-49275" style="width: 588px" class="wp-caption alignnone"><img fetchpriority="high" decoding="async" class=" wp-image-49275" src="https://www.ambifuego.net/wp-content/uploads/2021/05/2400-electrico-medidas_optimized-480x133.jpg" alt="chimenea eléctrica 2400 medidas" width="588" height="163" srcset="https://www.ambifuego.net/wp-content/uploads/2021/05/2400-electrico-medidas_optimized-480x133.jpg 480w, https://www.ambifuego.net/wp-content/uploads/2021/05/2400-electrico-medidas_optimized-768x212.jpg 768w, https://www.ambifuego.net/wp-content/uploads/2021/05/2400-electrico-medidas_optimized-780x216.jpg 780w, https://www.ambifuego.net/wp-content/uploads/2021/05/2400-electrico-medidas_optimized-880x243.jpg 880w, https://www.ambifuego.net/wp-content/uploads/2021/05/2400-electrico-medidas_optimized-800x221.jpg 800w, https://www.ambifuego.net/wp-content/uploads/2021/05/2400-electrico-medidas_optimized.jpg 991w" sizes="(max-width: 588px) 100vw, 588px" /><figcaption id="caption-attachment-49275" class="wp-caption-text">chimenea eléctrica 2400 medidas</figcaption></figure>
