{"id":25496,"date":"2019-03-06T15:02:07","date_gmt":"2019-03-06T15:02:07","guid":{"rendered":"https:\/\/www.ambifuego.net\/xtempx\/producto\/mod-12-redonda\/"},"modified":"2025-11-17T13:57:49","modified_gmt":"2025-11-17T12:57:49","slug":"redonda-hermetica","status":"publish","type":"product","link":"https:\/\/www.ambifuego.net\/de\/producto\/redonda-hermetica\/","title":{"rendered":"REDONDA &#8211; HERMETICA"},"content":{"rendered":"<h1><span style=\"font-size: 18pt;\">Gew\u00f6lbte Pelletofen Gusseisen Hermetica &#8211; Frontbel\u00fcftung und Ger\u00e4uscharm<\/span><\/h1>\n<p><span style=\"font-family: verdana, geneva, sans-serif;\">Gew\u00f6lbte Pelletofen Gusseisen hermetica ein praktisch und funktional wie der 98 Gusseisenofen, \u00e4sthetisch ansprechend und designorientiert wie der 98 Redonda: Der <a href=\"https:\/\/www.amg-spa.com\/en\/shop\/tepor-en\/pellet-stoves-and-inserts-tepor\/ermetica-98-cast-round-2\/\" target=\"_blank\" rel=\"noopener\">98 Gusseisenofen<\/a> geh\u00f6rt zur hermetischen Tepor-Familie und vereint die Effizienz von Gusseisen mit der modernen Formgebung. <\/span><\/p>\n<div class='yrm-content yrm-content-1 yrm-content-hide  ' id='yrm-P6Cpq' data-id='1' data-show-status='false' data-after-action='' style=\"visibility: hidden;height: 0;\">\n\t\t\t<div id='yrm-inner-content-yrm-P6Cpq' class='yrm-inner-content-wrapper yrm-cntent-1'><\/p>\n<p><span style=\"font-family: verdana, geneva, sans-serif;\">Innovativ und einzigartig in seiner Art, besticht der 98 Gusseisenofen durch sein Koaxialsystem: Zwei konzentrische Rohre mit einem oberen Auslass, die ineinander liegen, erm\u00f6glichen gleichzeitig die Zufuhr von Verbrennungsluft und den Abtransport von Rauch. Dadurch wird der Ofen funktionaler und \u00e4sthetisch noch attraktiver.\u00a0<\/span><\/p>\n<p><span style=\"font-family: verdana, geneva, sans-serif;\">Nat\u00fcrliche Konvektion bei Stufe 1<\/span><br \/>\n<span style=\"font-family: verdana, geneva, sans-serif;\">Frontbel\u00fcftung<\/span><br \/>\n<span style=\"font-family: verdana, geneva, sans-serif;\">Oberes Koaxialrohr<\/span><br \/>\n<span style=\"font-family: verdana, geneva, sans-serif;\">Gusseiserne Brennkammer<\/span><br \/>\n<span style=\"font-family: verdana, geneva, sans-serif;\">Abnehmbarer Griff<\/span><br \/>\n<span style=\"font-family: verdana, geneva, sans-serif;\">Ger\u00e4uscharm <\/span><\/p>\n<p><span style=\"font-family: verdana, geneva, sans-serif;\"><a href=\"https:\/\/www.ambifuego.net\/de\/articulos\/pelletofen-biomass\/\" target=\"_blank\" rel=\"noopener\">Pelletofen Familie<\/a><\/span><\/p>\n<p><img fetchpriority=\"high\" decoding=\"async\" class=\" wp-image-81828\" src=\"https:\/\/www.ambifuego.net\/wp-content\/uploads\/2018\/06\/COLORES-HERMETICA-DT_11zon.jpg\" alt=\"redonda pellet hermetica colores\" width=\"942\" height=\"118\" srcset=\"https:\/\/www.ambifuego.net\/wp-content\/uploads\/2018\/06\/COLORES-HERMETICA-DT_11zon.jpg 1257w, https:\/\/www.ambifuego.net\/wp-content\/uploads\/2018\/06\/COLORES-HERMETICA-DT_11zon-768x97.jpg 768w, https:\/\/www.ambifuego.net\/wp-content\/uploads\/2018\/06\/COLORES-HERMETICA-DT_11zon-800x101.jpg 800w\" sizes=\"(max-width: 942px) 100vw, 942px\" \/><\/p>\n<p><\/div>\n\t\t<\/div><div class='yrm-btn-wrapper yrm-btn-wrapper-1 yrm-more-button-wrapper  '\n\t\tdata-custom-more-class-name='' data-custom-less-class-name=''><span title='' data-less-title='' data-more-title='' class='yrm-toggle-expand  yrm-toggle-expand-1 ' data-rel='yrm-P6Cpq' data-more='Mehr erfahren ' data-less='Read less'><span class='yrm-text-wrapper yrm-text-wrapper-custom-dimensions'><span class=\"yrm-button-text-1 yrm-button-text-span\">Mehr erfahren <\/span><\/span><\/span><\/div>\n","protected":false},"excerpt":{"rendered":"[caption id=\"attachment_81772\" align=\"alignnone\" width=\"455\"]<img decoding=\"async\" class=\"size-full wp-image-81772\" src=\"https:\/\/www.ambifuego.net\/wp-content\/uploads\/2019\/03\/FOTO-HERMETICA_11zon_11zon.webp\" alt=\"redonda pellet\" width=\"455\" height=\"427\" \/> redonda pellet[\/caption]\n","protected":false},"featured_media":81808,"template":"","meta":[],"product_brand":[],"product_cat":[390,396],"product_tag":[],"class_list":{"0":"post-25496","1":"product","2":"type-product","3":"status-publish","4":"has-post-thumbnail","6":"product_cat-pelletofen-biomass","7":"product_cat-gewolbter-pelletofen","9":"first","10":"instock","11":"shipping-taxable","12":"product-type-simple"},"_links":{"self":[{"href":"https:\/\/www.ambifuego.net\/de\/wp-json\/wp\/v2\/product\/25496","targetHints":{"allow":["GET"]}}],"collection":[{"href":"https:\/\/www.ambifuego.net\/de\/wp-json\/wp\/v2\/product"}],"about":[{"href":"https:\/\/www.ambifuego.net\/de\/wp-json\/wp\/v2\/types\/product"}],"version-history":[{"count":0,"href":"https:\/\/www.ambifuego.net\/de\/wp-json\/wp\/v2\/product\/25496\/revisions"}],"wp:featuredmedia":[{"embeddable":true,"href":"https:\/\/www.ambifuego.net\/de\/wp-json\/wp\/v2\/media\/81808"}],"wp:attachment":[{"href":"https:\/\/www.ambifuego.net\/de\/wp-json\/wp\/v2\/media?parent=25496"}],"wp:term":[{"taxonomy":"product_brand","embeddable":true,"href":"https:\/\/www.ambifuego.net\/de\/wp-json\/wp\/v2\/product_brand?post=25496"},{"taxonomy":"product_cat","embeddable":true,"href":"https:\/\/www.ambifuego.net\/de\/wp-json\/wp\/v2\/product_cat?post=25496"},{"taxonomy":"product_tag","embeddable":true,"href":"https:\/\/www.ambifuego.net\/de\/wp-json\/wp\/v2\/product_tag?post=25496"}],"curies":[{"name":"wp","href":"https:\/\/api.w.org\/{rel}","templated":true}]}}

<h1><span style="font-size: 18pt;">Gewölbte Pelletofen Gusseisen Hermetica &#8211; Frontbelüftung und Geräuscharm</span></h1>
<p><span style="font-family: verdana, geneva, sans-serif;">Gewölbte Pelletofen Gusseisen hermetica ein praktisch und funktional wie der 98 Gusseisenofen, ästhetisch ansprechend und designorientiert wie der 98 Redonda: Der <a href="https://www.amg-spa.com/en/shop/tepor-en/pellet-stoves-and-inserts-tepor/ermetica-98-cast-round-2/" target="_blank" rel="noopener">98 Gusseisenofen</a> gehört zur hermetischen Tepor-Familie und vereint die Effizienz von Gusseisen mit der modernen Formgebung. </span></p>
<div class='yrm-content yrm-content-1 yrm-content-hide  ' id='yrm-P6Cpq' data-id='1' data-show-status='false' data-after-action='' style="visibility: hidden;height: 0;">
			<div id='yrm-inner-content-yrm-P6Cpq' class='yrm-inner-content-wrapper yrm-cntent-1'></p>
<p><span style="font-family: verdana, geneva, sans-serif;">Innovativ und einzigartig in seiner Art, besticht der 98 Gusseisenofen durch sein Koaxialsystem: Zwei konzentrische Rohre mit einem oberen Auslass, die ineinander liegen, ermöglichen gleichzeitig die Zufuhr von Verbrennungsluft und den Abtransport von Rauch. Dadurch wird der Ofen funktionaler und ästhetisch noch attraktiver. </span></p>
<p><span style="font-family: verdana, geneva, sans-serif;">Natürliche Konvektion bei Stufe 1</span><br />
<span style="font-family: verdana, geneva, sans-serif;">Frontbelüftung</span><br />
<span style="font-family: verdana, geneva, sans-serif;">Oberes Koaxialrohr</span><br />
<span style="font-family: verdana, geneva, sans-serif;">Gusseiserne Brennkammer</span><br />
<span style="font-family: verdana, geneva, sans-serif;">Abnehmbarer Griff</span><br />
<span style="font-family: verdana, geneva, sans-serif;">Geräuscharm </span></p>
<p><span style="font-family: verdana, geneva, sans-serif;"><a href="https://www.ambifuego.net/de/articulos/pelletofen-biomass/" target="_blank" rel="noopener">Pelletofen Familie</a></span></p>
<p><img fetchpriority="high" decoding="async" class=" wp-image-81828" src="https://www.ambifuego.net/wp-content/uploads/2018/06/COLORES-HERMETICA-DT_11zon.jpg" alt="redonda pellet hermetica colores" width="942" height="118" srcset="https://www.ambifuego.net/wp-content/uploads/2018/06/COLORES-HERMETICA-DT_11zon.jpg 1257w, https://www.ambifuego.net/wp-content/uploads/2018/06/COLORES-HERMETICA-DT_11zon-768x97.jpg 768w, https://www.ambifuego.net/wp-content/uploads/2018/06/COLORES-HERMETICA-DT_11zon-800x101.jpg 800w" sizes="(max-width: 942px) 100vw, 942px" /></p>
<p></div>
		</div><div class='yrm-btn-wrapper yrm-btn-wrapper-1 yrm-more-button-wrapper  '
		data-custom-more-class-name='' data-custom-less-class-name=''><span title='' data-less-title='' data-more-title='' class='yrm-toggle-expand  yrm-toggle-expand-1 ' data-rel='yrm-P6Cpq' data-more='Mehr erfahren ' data-less='Read less'><span class='yrm-text-wrapper yrm-text-wrapper-custom-dimensions'><span class="yrm-button-text-1 yrm-button-text-span">Mehr erfahren </span></span></span></div>
