{"id":17545,"date":"2017-09-20T16:49:02","date_gmt":"2017-09-20T16:49:02","guid":{"rendered":"https:\/\/www.ambifuego.net\/xtempx\/web17\/producto\/panoramische-raumteiler\/"},"modified":"2025-10-30T14:49:55","modified_gmt":"2025-10-30T13:49:55","slug":"raumteiler-gas","status":"publish","type":"product","link":"https:\/\/www.ambifuego.net\/de\/producto\/raumteiler-gas\/","title":{"rendered":"Raumteiler"},"content":{"rendered":"<p style=\"text-align: justify;\"><span style=\"font-size: 14pt;\"><strong><span style=\"font-family: verdana, geneva, sans-serif;\">Raumteiler Gas Kamin f\u00fcr wohlige W\u00e4rme und Gem\u00fctlichkeit.<\/span><\/strong><\/span><\/p>\n<p style=\"text-align: justify;\"><span style=\"font-family: verdana, geneva, sans-serif;\">Raumteiler gas, ei Kamin f\u00fcr Atmosph\u00e4re in mehreren R\u00e4umen gleichzeitig. Suchen Sie einen Kamin, der als Raumteiler dienen kann, oder einen Kamin, bei dem Sie dasFeuer aus mehreren Winkeln des Wohnzimmers geniessen k\u00f6nnen? <\/span><span style=\"font-family: verdana, geneva, sans-serif;\">Der Maestro 75XTU Eco Wave ist ein daf\u00fcr hervorragend geeigneter Kamin.<\/span><\/p>\n<div class='yrm-content yrm-content-1 yrm-content-hide  ' id='yrm-Yp7gI' data-id='1' data-show-status='false' data-after-action='' style=\"visibility: hidden;height: 0;\">\n\t\t\t<div id='yrm-inner-content-yrm-Yp7gI' class='yrm-inner-content-wrapper yrm-cntent-1'><\/p>\n<h2 style=\"text-align: justify;\"><span style=\"font-family: verdana, geneva, sans-serif; font-size: 14pt;\">Raumteielr Gas, 3 Seite Atmosph\u00e4re geniessen.<\/span><\/h2>\n<p style=\"text-align: justify;\"><span style=\"font-family: verdana, geneva, sans-serif;\">Dank der 3-seitigen Feuersicht ist es m\u00f6glich, die angenehme Atmosph\u00e4re und W\u00e4rme dieses Kamins von mehreren R\u00e4ume aus zu geniessen. Sehr gut geeignet f\u00fcr die Eckaufstellung, zum Beispeil in L-f\u00f6rmigen Wohnzimmern.<\/span><\/p>\n<p style=\"text-align: justify;\"><span style=\"font-family: verdana, geneva, sans-serif;\">Der Kamin kann mit der serienm\u00e4ssig mitgelieferten Fernbedienung bedient werden. F\u00fcr die Bedienung \u00fcber Tablet oder Samrtphone steht ein Kommunikationsmodul zur Verf\u00fcgung, das die drahtlose Wifi-Verbindung bereitstellt.<\/span><\/p>\n<p style=\"text-align: justify;\"><span style=\"font-family: verdana, geneva, sans-serif;\">Einen besonders grossz\u00fcgigen Blick auf das sch\u00f6n flackernde Gasfeuer bieten die Raumteiler Gaskamine. Optisch sind die Raumteiler &#8211; Kamine sehr reizvoll, weil sie von drei Seiten freie Sicht aufs Gasfeuer erm\u00f6glichen und viel Licht durch die 3-seitigen Glasscheiben lassen. Die verschiedenen Dimensonen (70 bis zum 240 cm) lassen viel Freiheit bei der individuellen Gestaltung. Von schlicht und schmall bis hin zur eindr\u00fcckichen Gasfeuer-Inszenierung auf 240 cm Breite.<\/span><\/p>\n<ul>\n<li style=\"text-align: justify;\"><span style=\"font-family: verdana, geneva, sans-serif;\">Feuerst\u00e4tte &#8211; dreisitig<\/span><\/li>\n<li><span style=\"font-family: verdana, geneva, sans-serif;\">Treibstoff &#8211; Erdgas, Propangas<\/span><\/li>\n<li><span style=\"font-family: verdana, geneva, sans-serif;\">Verbrennungssystem &#8211; Verbrennungsluft von aussen<\/span><\/li>\n<li><span style=\"font-family: verdana, geneva, sans-serif;\">Buntglasfenster &#8211; Standardglas, entspielgeltes glas<\/span><\/li>\n<li><span style=\"font-family: verdana, geneva, sans-serif;\"><a href=\"https:\/\/www.ambifuego.net\/wp-content\/uploads\/2023\/10\/20-10-23-cat.general-comprimido.pdf\">Siehe Katalog<\/a> f\u00fcr Model &#8211; Brenner und Leistung<\/span><\/li>\n<li><span style=\"font-family: verdana, geneva, sans-serif;\">Farben &#8211; Schwarz<\/span><\/li>\n<li><span style=\"font-family: verdana, geneva, sans-serif;\">Material &#8211; Stahl<\/span><\/li>\n<li><span style=\"font-family: verdana, geneva, sans-serif;\">Brennerbett &#8211; Holzganitur braun oder Carrara Steien<\/span><\/li>\n<li><span style=\"font-family: verdana, geneva, sans-serif;\">Raumteiler &#8211; Gaskamin<\/span><\/li>\n<li><span style=\"font-family: verdana, geneva, sans-serif;\">U formiger Gaskamin<\/span><\/li>\n<li><span style=\"font-family: verdana, geneva, sans-serif;\">Fernbedienung<\/span><\/li>\n<li><span style=\"font-family: verdana, geneva, sans-serif;\">3 Feuer-Sichtseiten &#8211; Glasscheibe<\/span><\/li>\n<li><span style=\"font-family: verdana, geneva, sans-serif;\">*Weitere Infos &#8211; <a href=\"https:\/\/www.ambifuego.net\/wp-content\/uploads\/2022\/05\/DRU-ALEMAN.22_compressed.pdf\" target=\"_blank\" rel=\"noopener\">Katalog<\/a> &#8211; \u00a0<a href=\"https:\/\/vimeo.com\/ambifuego\" target=\"_blank\" rel=\"noopener\">Video<\/a> &#8211;<\/span><\/li>\n<\/ul>\n<p><\/div>\n\t\t<\/div><div class='yrm-btn-wrapper yrm-btn-wrapper-1 yrm-more-button-wrapper  '\n\t\tdata-custom-more-class-name='' data-custom-less-class-name=''><span title='' data-less-title='' data-more-title='' class='yrm-toggle-expand  yrm-toggle-expand-1 ' data-rel='yrm-Yp7gI' data-more='Mehr erfahren ' data-less='Read less'><span class='yrm-text-wrapper yrm-text-wrapper-custom-dimensions'><span class=\"yrm-button-text-1 yrm-button-text-span\">Mehr erfahren <\/span><\/span><\/span><\/div>\n<p>&nbsp;<\/p>\n","protected":false},"excerpt":{"rendered":"<p><img fetchpriority=\"high\" decoding=\"async\" class=\"alignnone size-full wp-image-43322\" src=\"https:\/\/www.ambifuego.net\/wp-content\/uploads\/2017\/09\/separador-71-2_optimized-1.jpg\" alt=\"separador espacios - raumteiler gas - roomdivider\" width=\"480\" height=\"320\" srcset=\"https:\/\/www.ambifuego.net\/wp-content\/uploads\/2017\/09\/separador-71-2_optimized-1.jpg 480w, https:\/\/www.ambifuego.net\/wp-content\/uploads\/2017\/09\/separador-71-2_optimized-1-405x270.jpg 405w\" sizes=\"(max-width: 480px) 100vw, 480px\" \/><\/p>\n","protected":false},"featured_media":43331,"template":"","meta":[],"product_brand":[],"product_cat":[561],"product_tag":[],"class_list":{"0":"post-17545","1":"product","2":"type-product","3":"status-publish","4":"has-post-thumbnail","6":"product_cat-raumtrenner","8":"first","9":"instock","10":"shipping-taxable","11":"product-type-simple"},"_links":{"self":[{"href":"https:\/\/www.ambifuego.net\/de\/wp-json\/wp\/v2\/product\/17545","targetHints":{"allow":["GET"]}}],"collection":[{"href":"https:\/\/www.ambifuego.net\/de\/wp-json\/wp\/v2\/product"}],"about":[{"href":"https:\/\/www.ambifuego.net\/de\/wp-json\/wp\/v2\/types\/product"}],"version-history":[{"count":0,"href":"https:\/\/www.ambifuego.net\/de\/wp-json\/wp\/v2\/product\/17545\/revisions"}],"wp:featuredmedia":[{"embeddable":true,"href":"https:\/\/www.ambifuego.net\/de\/wp-json\/wp\/v2\/media\/43331"}],"wp:attachment":[{"href":"https:\/\/www.ambifuego.net\/de\/wp-json\/wp\/v2\/media?parent=17545"}],"wp:term":[{"taxonomy":"product_brand","embeddable":true,"href":"https:\/\/www.ambifuego.net\/de\/wp-json\/wp\/v2\/product_brand?post=17545"},{"taxonomy":"product_cat","embeddable":true,"href":"https:\/\/www.ambifuego.net\/de\/wp-json\/wp\/v2\/product_cat?post=17545"},{"taxonomy":"product_tag","embeddable":true,"href":"https:\/\/www.ambifuego.net\/de\/wp-json\/wp\/v2\/product_tag?post=17545"}],"curies":[{"name":"wp","href":"https:\/\/api.w.org\/{rel}","templated":true}]}}

<p style="text-align: justify;"><span style="font-size: 14pt;"><strong><span style="font-family: verdana, geneva, sans-serif;">Raumteiler Gas Kamin für wohlige Wärme und Gemütlichkeit.</span></strong></span></p>
<p style="text-align: justify;"><span style="font-family: verdana, geneva, sans-serif;">Raumteiler gas, ei Kamin für Atmosphäre in mehreren Räumen gleichzeitig. Suchen Sie einen Kamin, der als Raumteiler dienen kann, oder einen Kamin, bei dem Sie dasFeuer aus mehreren Winkeln des Wohnzimmers geniessen können? </span><span style="font-family: verdana, geneva, sans-serif;">Der Maestro 75XTU Eco Wave ist ein dafür hervorragend geeigneter Kamin.</span></p>
<div class='yrm-content yrm-content-1 yrm-content-hide  ' id='yrm-Yp7gI' data-id='1' data-show-status='false' data-after-action='' style="visibility: hidden;height: 0;">
			<div id='yrm-inner-content-yrm-Yp7gI' class='yrm-inner-content-wrapper yrm-cntent-1'></p>
<h2 style="text-align: justify;"><span style="font-family: verdana, geneva, sans-serif; font-size: 14pt;">Raumteielr Gas, 3 Seite Atmosphäre geniessen.</span></h2>
<p style="text-align: justify;"><span style="font-family: verdana, geneva, sans-serif;">Dank der 3-seitigen Feuersicht ist es möglich, die angenehme Atmosphäre und Wärme dieses Kamins von mehreren Räume aus zu geniessen. Sehr gut geeignet für die Eckaufstellung, zum Beispeil in L-förmigen Wohnzimmern.</span></p>
<p style="text-align: justify;"><span style="font-family: verdana, geneva, sans-serif;">Der Kamin kann mit der serienmässig mitgelieferten Fernbedienung bedient werden. Für die Bedienung über Tablet oder Samrtphone steht ein Kommunikationsmodul zur Verfügung, das die drahtlose Wifi-Verbindung bereitstellt.</span></p>
<p style="text-align: justify;"><span style="font-family: verdana, geneva, sans-serif;">Einen besonders grosszügigen Blick auf das schön flackernde Gasfeuer bieten die Raumteiler Gaskamine. Optisch sind die Raumteiler &#8211; Kamine sehr reizvoll, weil sie von drei Seiten freie Sicht aufs Gasfeuer ermöglichen und viel Licht durch die 3-seitigen Glasscheiben lassen. Die verschiedenen Dimensonen (70 bis zum 240 cm) lassen viel Freiheit bei der individuellen Gestaltung. Von schlicht und schmall bis hin zur eindrückichen Gasfeuer-Inszenierung auf 240 cm Breite.</span></p>
<ul>
<li style="text-align: justify;"><span style="font-family: verdana, geneva, sans-serif;">Feuerstätte &#8211; dreisitig</span></li>
<li><span style="font-family: verdana, geneva, sans-serif;">Treibstoff &#8211; Erdgas, Propangas</span></li>
<li><span style="font-family: verdana, geneva, sans-serif;">Verbrennungssystem &#8211; Verbrennungsluft von aussen</span></li>
<li><span style="font-family: verdana, geneva, sans-serif;">Buntglasfenster &#8211; Standardglas, entspielgeltes glas</span></li>
<li><span style="font-family: verdana, geneva, sans-serif;"><a href="https://www.ambifuego.net/wp-content/uploads/2023/10/20-10-23-cat.general-comprimido.pdf">Siehe Katalog</a> für Model &#8211; Brenner und Leistung</span></li>
<li><span style="font-family: verdana, geneva, sans-serif;">Farben &#8211; Schwarz</span></li>
<li><span style="font-family: verdana, geneva, sans-serif;">Material &#8211; Stahl</span></li>
<li><span style="font-family: verdana, geneva, sans-serif;">Brennerbett &#8211; Holzganitur braun oder Carrara Steien</span></li>
<li><span style="font-family: verdana, geneva, sans-serif;">Raumteiler &#8211; Gaskamin</span></li>
<li><span style="font-family: verdana, geneva, sans-serif;">U formiger Gaskamin</span></li>
<li><span style="font-family: verdana, geneva, sans-serif;">Fernbedienung</span></li>
<li><span style="font-family: verdana, geneva, sans-serif;">3 Feuer-Sichtseiten &#8211; Glasscheibe</span></li>
<li><span style="font-family: verdana, geneva, sans-serif;">*Weitere Infos &#8211; <a href="https://www.ambifuego.net/wp-content/uploads/2022/05/DRU-ALEMAN.22_compressed.pdf" target="_blank" rel="noopener">Katalog</a> &#8211;  <a href="https://vimeo.com/ambifuego" target="_blank" rel="noopener">Video</a> &#8211;</span></li>
</ul>
<p></div>
		</div><div class='yrm-btn-wrapper yrm-btn-wrapper-1 yrm-more-button-wrapper  '
		data-custom-more-class-name='' data-custom-less-class-name=''><span title='' data-less-title='' data-more-title='' class='yrm-toggle-expand  yrm-toggle-expand-1 ' data-rel='yrm-Yp7gI' data-more='Mehr erfahren ' data-less='Read less'><span class='yrm-text-wrapper yrm-text-wrapper-custom-dimensions'><span class="yrm-button-text-1 yrm-button-text-span">Mehr erfahren </span></span></span></div>
<p>&nbsp;</p>
